Last updated on 2024-06-30 00:59:30 CEST.
Flavor | Version | Tinstall | Tcheck | Ttotal | Status | Flags |
---|---|---|---|---|---|---|
r-devel-linux-x86_64-debian-clang | 1.3 | 5.88 | 40.63 | 46.51 | NOTE | |
r-devel-linux-x86_64-debian-gcc | 1.3 | 3.65 | 30.55 | 34.20 | NOTE | |
r-devel-linux-x86_64-fedora-clang | 1.3 | 57.53 | NOTE | |||
r-devel-linux-x86_64-fedora-gcc | 1.3 | 54.26 | NOTE | |||
r-devel-windows-x86_64 | 1.3 | 4.00 | 58.00 | 62.00 | NOTE | |
r-patched-linux-x86_64 | 1.3 | 4.84 | 39.80 | 44.64 | NOTE | |
r-release-linux-x86_64 | 1.3 | 4.54 | 38.85 | 43.39 | NOTE | |
r-release-macos-arm64 | 1.3 | 20.00 | NOTE | |||
r-release-macos-x86_64 | 1.3 | 34.00 | NOTE | |||
r-release-windows-x86_64 | 1.3 | 5.00 | 59.00 | 64.00 | NOTE | |
r-oldrel-macos-arm64 | 1.3 | 22.00 | OK | |||
r-oldrel-macos-x86_64 | 1.3 | 32.00 | OK | |||
r-oldrel-windows-x86_64 | 1.3 | 5.00 | 62.00 | 67.00 | OK |
Version: 1.3
Check: Rd files
Result: NOTE
checkRd: (-1) item.side.Rd:35: Lost braces
35 | code{TRUE}. If any other value, the axis is not drawn.}
| ^
Flavors: r-devel-linux-x86_64-debian-clang, r-devel-linux-x86_64-debian-gcc, r-devel-linux-x86_64-fedora-clang, r-devel-linux-x86_64-fedora-gcc, r-devel-windows-x86_64, r-patched-linux-x86_64, r-release-linux-x86_64, r-release-macos-arm64, r-release-macos-x86_64, r-release-windows-x86_64