Last updated on 2024-06-30 00:59:31 CEST.
Flavor | Version | Tinstall | Tcheck | Ttotal | Status | Flags |
---|---|---|---|---|---|---|
r-devel-linux-x86_64-debian-clang | 1.1.0 | 4.54 | 37.71 | 42.25 | OK | |
r-devel-linux-x86_64-debian-gcc | 1.1.0 | 3.75 | 27.72 | 31.47 | OK | |
r-devel-linux-x86_64-fedora-clang | 1.1.0 | 51.94 | NOTE | |||
r-devel-linux-x86_64-fedora-gcc | 1.1.0 | 49.89 | OK | |||
r-devel-windows-x86_64 | 1.1.0 | 5.00 | 49.00 | 54.00 | OK | |
r-patched-linux-x86_64 | 1.1.0 | 4.64 | 34.87 | 39.51 | OK | |
r-release-linux-x86_64 | 1.1.0 | 3.46 | 35.96 | 39.42 | OK | |
r-release-macos-arm64 | 1.1.0 | 18.00 | OK | |||
r-release-macos-x86_64 | 1.1.0 | 30.00 | OK | |||
r-release-windows-x86_64 | 1.1.0 | 5.00 | 49.00 | 54.00 | OK | |
r-oldrel-macos-arm64 | 1.1.0 | 20.00 | OK | |||
r-oldrel-macos-x86_64 | 1.1.0 | 28.00 | OK | |||
r-oldrel-windows-x86_64 | 1.1.0 | 5.00 | 52.00 | 57.00 | OK |
Version: 1.1.0
Check: Rd cross-references
Result: NOTE
Undeclared package ‘dplyr’ in Rd xrefs
Flavor: r-devel-linux-x86_64-fedora-clang