Last updated on 2024-06-30 00:59:08 CEST.
Flavor | Version | Tinstall | Tcheck | Ttotal | Status | Flags |
---|---|---|---|---|---|---|
r-devel-linux-x86_64-debian-clang | 0.1.1 | 2.26 | 23.47 | 25.73 | OK | |
r-devel-linux-x86_64-debian-gcc | 0.1.1 | 1.69 | 18.08 | 19.77 | OK | |
r-devel-linux-x86_64-fedora-clang | 0.1.1 | 32.44 | NOTE | |||
r-devel-linux-x86_64-fedora-gcc | 0.1.1 | 30.13 | NOTE | |||
r-devel-windows-x86_64 | 0.1.1 | 3.00 | 47.00 | 50.00 | OK | |
r-patched-linux-x86_64 | 0.1.1 | 1.79 | 21.65 | 23.44 | OK | |
r-release-linux-x86_64 | 0.1.1 | 2.19 | 22.38 | 24.57 | OK | |
r-release-macos-arm64 | 0.1.1 | 15.00 | OK | |||
r-release-macos-x86_64 | 0.1.1 | 23.00 | OK | |||
r-release-windows-x86_64 | 0.1.1 | 2.00 | 39.00 | 41.00 | OK | |
r-oldrel-macos-arm64 | 0.1.1 | 15.00 | OK | |||
r-oldrel-macos-x86_64 | 0.1.1 | 21.00 | OK | |||
r-oldrel-windows-x86_64 | 0.1.1 | 2.00 | 40.00 | 42.00 | OK |
Version: 0.1.1
Check: dependencies in R code
Result: NOTE
Namespace in Imports field not imported from: ‘MASS’
All declared Imports should be used.
Flavors: r-devel-linux-x86_64-fedora-clang, r-devel-linux-x86_64-fedora-gcc