Last updated on 2024-06-30 00:59:08 CEST.
Flavor | Version | Tinstall | Tcheck | Ttotal | Status | Flags |
---|---|---|---|---|---|---|
r-devel-linux-x86_64-debian-clang | 0.0.1 | 6.65 | 71.44 | 78.09 | OK | |
r-devel-linux-x86_64-debian-gcc | 0.0.1 | 6.45 | 54.45 | 60.90 | OK | |
r-devel-linux-x86_64-fedora-clang | 0.0.1 | 103.23 | NOTE | |||
r-devel-linux-x86_64-fedora-gcc | 0.0.1 | 92.88 | NOTE | |||
r-devel-windows-x86_64 | 0.0.1 | 9.00 | 76.00 | 85.00 | OK | |
r-patched-linux-x86_64 | 0.0.1 | 6.85 | 70.15 | 77.00 | OK | |
r-release-linux-x86_64 | 0.0.1 | 7.67 | 67.99 | 75.66 | OK | |
r-release-macos-arm64 | 0.0.1 | 36.00 | OK | |||
r-release-macos-x86_64 | 0.0.1 | 48.00 | OK | |||
r-release-windows-x86_64 | 0.0.1 | 9.00 | 76.00 | 85.00 | OK | |
r-oldrel-macos-arm64 | 0.0.1 | 35.00 | OK | |||
r-oldrel-macos-x86_64 | 0.0.1 | 50.00 | OK | |||
r-oldrel-windows-x86_64 | 0.0.1 | 10.00 | 89.00 | 99.00 | OK |
Version: 0.0.1
Check: dependencies in R code
Result: NOTE
Namespaces in Imports field not imported from:
‘DBI’ ‘assertthat’ ‘tibble’
All declared Imports should be used.
Flavors: r-devel-linux-x86_64-fedora-clang, r-devel-linux-x86_64-fedora-gcc