Last updated on 2024-06-30 00:59:08 CEST.
Flavor | Version | Tinstall | Tcheck | Ttotal | Status | Flags |
---|---|---|---|---|---|---|
r-devel-linux-x86_64-debian-clang | 0.5-3 | 13.61 | 104.60 | 118.21 | OK | |
r-devel-linux-x86_64-debian-gcc | 0.5-3 | 10.21 | 75.09 | 85.30 | OK | |
r-devel-linux-x86_64-fedora-clang | 0.5-3 | 137.30 | NOTE | |||
r-devel-linux-x86_64-fedora-gcc | 0.5-3 | 131.33 | OK | |||
r-devel-windows-x86_64 | 0.5-3 | 11.00 | 86.00 | 97.00 | OK | |
r-patched-linux-x86_64 | 0.5-3 | 10.02 | 96.10 | 106.12 | OK | |
r-release-linux-x86_64 | 0.5-3 | 11.57 | 96.78 | 108.35 | OK | |
r-release-macos-arm64 | 0.5-3 | 39.00 | OK | |||
r-release-macos-x86_64 | 0.5-3 | 76.00 | OK | |||
r-release-windows-x86_64 | 0.5-3 | 11.00 | 86.00 | 97.00 | OK | |
r-oldrel-macos-arm64 | 0.5-3 | 45.00 | OK | |||
r-oldrel-macos-x86_64 | 0.5-3 | 75.00 | NOTE | |||
r-oldrel-windows-x86_64 | 0.5-3 | 15.00 | 110.00 | 125.00 | OK |
Version: 0.5-3
Check: Rd cross-references
Result: NOTE
Undeclared packages ‘epiR’, ‘cccrm’ in Rd xrefs
Flavor: r-devel-linux-x86_64-fedora-clang
Version: 0.5-3
Check: Rd cross-references
Result: NOTE
Package unavailable to check Rd xrefs: ‘epiR’
Flavor: r-oldrel-macos-x86_64