Last updated on 2024-06-30 00:59:08 CEST.
Flavor | Version | Tinstall | Tcheck | Ttotal | Status | Flags |
---|---|---|---|---|---|---|
r-devel-linux-x86_64-debian-clang | 2.0.2 | 4.92 | 40.36 | 45.28 | ERROR | |
r-devel-linux-x86_64-debian-gcc | 2.0.2 | 3.44 | 30.06 | 33.50 | ERROR | |
r-devel-linux-x86_64-fedora-clang | 2.0.2 | 57.21 | ERROR | |||
r-devel-linux-x86_64-fedora-gcc | 2.0.2 | 55.11 | ERROR | |||
r-devel-windows-x86_64 | 2.0.2 | 6.00 | 71.00 | 77.00 | OK | |
r-patched-linux-x86_64 | 2.0.2 | 5.13 | 40.74 | 45.87 | OK | |
r-release-linux-x86_64 | 2.0.2 | 4.31 | 41.59 | 45.90 | OK | |
r-release-macos-arm64 | 2.0.2 | 34.00 | OK | |||
r-release-macos-x86_64 | 2.0.2 | 43.00 | OK | |||
r-release-windows-x86_64 | 2.0.2 | 7.00 | 72.00 | 79.00 | OK | |
r-oldrel-macos-arm64 | 2.0.2 | 44.00 | OK | |||
r-oldrel-macos-x86_64 | 2.0.2 | 264.00 | OK | |||
r-oldrel-windows-x86_64 | 2.0.2 | 7.00 | 65.00 | 72.00 | OK |
Version: 2.0.2
Check: examples
Result: ERROR
Running examples in ‘algaeClassify-Ex.R’ failed
The error most likely occurred in:
> base::assign(".ptime", proc.time(), pos = "CheckExEnv")
> ### Name: genus_search_itis
> ### Title: Wrapper function for several functions in ritis:: Searches ITIS
> ### database for matches to a genus name
> ### Aliases: genus_search_itis
>
> ### ** Examples
>
> genus='Anabaena'
> genus_search_itis(genus,higher=FALSE)
Error:
! The `x` argument of `as_tibble()` can't be missing as of tibble 3.0.0.
Backtrace:
▆
1. └─algaeClassify::genus_search_itis(genus, higher = FALSE)
2. └─ritis::accepted_names(tsn = tsn)
3. └─ritis:::parse_raw(out)
4. ├─tibble::as_tibble()
5. └─tibble:::as_tibble.NULL()
6. └─lifecycle::deprecate_stop("3.0.0", "as_tibble(x = 'can\\'t be missing')")
7. └─lifecycle:::deprecate_stop0(msg)
8. └─rlang::cnd_signal(...)
Execution halted
Flavors: r-devel-linux-x86_64-debian-clang, r-devel-linux-x86_64-debian-gcc
Version: 2.0.2
Check: examples
Result: ERROR
Running examples in ‘algaeClassify-Ex.R’ failed
The error most likely occurred in:
> ### Name: genus_search_itis
> ### Title: Wrapper function for several functions in ritis:: Searches ITIS
> ### database for matches to a genus name
> ### Aliases: genus_search_itis
>
> ### ** Examples
>
> genus='Anabaena'
> genus_search_itis(genus,higher=FALSE)
Error:
! The `x` argument of `as_tibble()` can't be missing as of tibble 3.0.0.
Backtrace:
▆
1. └─algaeClassify::genus_search_itis(genus, higher = FALSE)
2. └─ritis::accepted_names(tsn = tsn)
3. └─ritis:::parse_raw(out)
4. ├─tibble::as_tibble()
5. └─tibble:::as_tibble.NULL()
6. └─lifecycle::deprecate_stop("3.0.0", "as_tibble(x = 'can\\'t be missing')")
7. └─lifecycle:::deprecate_stop0(msg)
8. └─rlang::cnd_signal(...)
Execution halted
Flavors: r-devel-linux-x86_64-fedora-clang, r-devel-linux-x86_64-fedora-gcc