Last updated on 2024-06-16 11:57:51 CEST.
Flavor | Version | Tinstall | Tcheck | Ttotal | Status | Flags |
---|---|---|---|---|---|---|
r-devel-linux-x86_64-debian-clang | 1.0.0 | 5.66 | 58.69 | 64.35 | OK | |
r-devel-linux-x86_64-debian-gcc | 1.0.0 | 3.76 | 45.26 | 49.02 | OK | |
r-devel-linux-x86_64-fedora-clang | 1.0.0 | 82.42 | NOTE | |||
r-devel-linux-x86_64-fedora-gcc | 1.0.0 | 91.49 | NOTE | |||
r-devel-windows-x86_64 | 1.0.0 | 5.00 | 89.00 | 94.00 | OK | |
r-patched-linux-x86_64 | 1.0.0 | 5.43 | 57.10 | 62.53 | OK | |
r-release-linux-x86_64 | 1.0.0 | 3.04 | 56.79 | 59.83 | OK | |
r-release-macos-arm64 | 1.0.0 | 61.00 | OK | |||
r-release-macos-x86_64 | 1.0.0 | 78.00 | OK | |||
r-release-windows-x86_64 | 1.0.0 | 6.00 | 93.00 | 99.00 | OK | |
r-oldrel-macos-arm64 | 1.0.0 | 61.00 | OK | |||
r-oldrel-macos-x86_64 | 1.0.0 | 66.00 | OK | |||
r-oldrel-windows-x86_64 | 1.0.0 | 7.00 | 104.00 | 111.00 | OK |
Version: 1.0.0
Check: data for non-ASCII characters
Result: NOTE
Note: found 7 marked UTF-8 strings
Flavors: r-devel-linux-x86_64-fedora-clang, r-devel-linux-x86_64-fedora-gcc