Last updated on 2024-08-16 09:49:00 CEST.
Flavor | Version | Tinstall | Tcheck | Ttotal | Status | Flags |
---|---|---|---|---|---|---|
r-devel-linux-x86_64-debian-clang | 0.3.9.4 | 5.24 | 41.30 | 46.54 | NOTE | |
r-devel-linux-x86_64-debian-gcc | 0.3.9.4 | 3.45 | 31.02 | 34.47 | NOTE | |
r-devel-linux-x86_64-fedora-clang | 0.3.9.4 | 71.53 | NOTE | |||
r-devel-linux-x86_64-fedora-gcc | 0.3.9.4 | 84.89 | NOTE | |||
r-devel-windows-x86_64 | 0.3.9.4 | 7.00 | 65.00 | 72.00 | NOTE | |
r-patched-linux-x86_64 | 0.3.9.4 | 4.65 | 38.82 | 43.47 | NOTE | |
r-release-linux-x86_64 | 0.3.9.4 | 3.56 | 39.37 | 42.93 | NOTE | |
r-release-macos-arm64 | 0.3.9.4 | 32.00 | NOTE | |||
r-release-macos-x86_64 | 0.3.9.4 | 45.00 | NOTE | |||
r-release-windows-x86_64 | 0.3.9.4 | 6.00 | 64.00 | 70.00 | NOTE | |
r-oldrel-macos-arm64 | 0.3.9.4 | 36.00 | OK | |||
r-oldrel-macos-x86_64 | 0.3.9.4 | 54.00 | OK | |||
r-oldrel-windows-x86_64 | 0.3.9.4 | 8.00 | 74.00 | 82.00 | OK |
Version: 0.3.9.4
Check: Rd files
Result: NOTE
checkRd: (-1) animate.Rd:625-627: Lost braces
625 | group = function(...) {
| ^
Flavors: r-devel-linux-x86_64-debian-clang, r-devel-linux-x86_64-debian-gcc, r-devel-linux-x86_64-fedora-clang, r-devel-linux-x86_64-fedora-gcc, r-devel-windows-x86_64, r-patched-linux-x86_64, r-release-linux-x86_64, r-release-macos-arm64, r-release-macos-x86_64, r-release-windows-x86_64