Last updated on 2024-06-30 00:59:08 CEST.
Flavor | Version | Tinstall | Tcheck | Ttotal | Status | Flags |
---|---|---|---|---|---|---|
r-devel-linux-x86_64-debian-clang | 0.1.5 | 223.01 | 203.60 | 426.61 | OK | |
r-devel-linux-x86_64-debian-gcc | 0.1.5 | 160.93 | 145.95 | 306.88 | OK | |
r-devel-linux-x86_64-fedora-clang | 0.1.5 | 639.35 | OK | |||
r-devel-linux-x86_64-fedora-gcc | 0.1.5 | 674.54 | OK | |||
r-devel-windows-x86_64 | 0.1.5 | 174.00 | 165.00 | 339.00 | OK | |
r-patched-linux-x86_64 | 0.1.5 | 193.33 | 193.83 | 387.16 | OK | |
r-release-linux-x86_64 | 0.1.5 | 189.36 | 193.84 | 383.20 | OK | |
r-release-macos-arm64 | 0.1.5 | 125.00 | NOTE | |||
r-release-macos-x86_64 | 0.1.5 | 207.00 | NOTE | |||
r-release-windows-x86_64 | 0.1.5 | 174.00 | 167.00 | 341.00 | OK | |
r-oldrel-macos-arm64 | 0.1.5 | 127.00 | NOTE | |||
r-oldrel-macos-x86_64 | 0.1.5 | 245.00 | NOTE | |||
r-oldrel-windows-x86_64 | 0.1.5 | 208.00 | 203.00 | 411.00 | OK |
Version: 0.1.5
Check: installed package size
Result: NOTE
installed size is 10.4Mb
sub-directories of 1Mb or more:
libs 8.9Mb
Flavors: r-release-macos-arm64, r-release-macos-x86_64, r-oldrel-macos-arm64, r-oldrel-macos-x86_64