Last updated on 2024-06-30 00:59:08 CEST.
Flavor | Version | Tinstall | Tcheck | Ttotal | Status | Flags |
---|---|---|---|---|---|---|
r-devel-linux-x86_64-debian-clang | 1.4.13 | 77.09 | 129.91 | 207.00 | OK | |
r-devel-linux-x86_64-debian-gcc | 1.4.13 | 54.78 | 95.10 | 149.88 | OK | |
r-devel-linux-x86_64-fedora-clang | 1.4.13 | 286.32 | OK | |||
r-devel-linux-x86_64-fedora-gcc | 1.4.13 | 292.69 | OK | |||
r-devel-windows-x86_64 | 1.4.13 | 64.00 | 145.00 | 209.00 | OK | |
r-patched-linux-x86_64 | 1.4.13 | 67.39 | 124.05 | 191.44 | OK | |
r-release-linux-x86_64 | 1.4.13 | 69.83 | 125.43 | 195.26 | OK | |
r-release-macos-arm64 | 1.4.13 | 78.00 | OK | |||
r-release-macos-x86_64 | 1.4.13 | 106.00 | WARN | |||
r-release-windows-x86_64 | 1.4.13 | 62.00 | 146.00 | 208.00 | OK | |
r-oldrel-macos-arm64 | 1.4.13 | 104.00 | OK | |||
r-oldrel-macos-x86_64 | 1.4.13 | 240.00 | OK | |||
r-oldrel-windows-x86_64 | 1.4.13 | 61.00 | 159.00 | 220.00 | OK |
Version: 1.4.13
Check: re-building of vignette outputs
Result: WARN
Error(s) in re-building vignettes:
...
--- re-building ‘apcluster.Rnw’ using knitr
Warning in doTryCatch(return(expr), name, parentenv, handler) :
"nodePar" is not a graphical parameter
Error: processing vignette 'apcluster.Rnw' failed with diagnostics:
Running 'texi2dvi' on 'apcluster.tex' failed.
LaTeX errors:
! Undefined control sequence.
l.171 \hlkwd{install.packages}\hldef
{(}\hlsng{"apcluster"}\hldef{)}
?
! Emergency stop.
! Emergency stop.
l.171
End of file on the terminal!
! ==> Fatal error occurred, no output PDF file produced!
--- failed re-building ‘apcluster.Rnw’
SUMMARY: processing the following file failed:
‘apcluster.Rnw’
Error: Vignette re-building failed.
Execution halted
Flavor: r-release-macos-x86_64