Last updated on 2024-06-16 11:57:51 CEST.
Flavor | Version | Tinstall | Tcheck | Ttotal | Status | Flags |
---|---|---|---|---|---|---|
r-devel-linux-x86_64-debian-clang | 1.2-1 | 1.82 | 38.71 | 40.53 | OK | |
r-devel-linux-x86_64-debian-gcc | 1.2-1 | 1.59 | 30.19 | 31.78 | OK | |
r-devel-linux-x86_64-fedora-clang | 1.2-1 | 51.06 | NOTE | |||
r-devel-linux-x86_64-fedora-gcc | 1.2-1 | 51.77 | NOTE | |||
r-devel-windows-x86_64 | 1.2-1 | 2.00 | 68.00 | 70.00 | OK | |
r-patched-linux-x86_64 | 1.2-1 | 2.80 | 36.86 | 39.66 | OK | |
r-release-linux-x86_64 | 1.2-1 | 1.95 | 37.54 | 39.49 | OK | |
r-release-macos-arm64 | 1.2-1 | 22.00 | OK | |||
r-release-macos-x86_64 | 1.2-1 | 34.00 | OK | |||
r-release-windows-x86_64 | 1.2-1 | 3.00 | 69.00 | 72.00 | OK | |
r-oldrel-macos-arm64 | 1.2-1 | 23.00 | OK | |||
r-oldrel-macos-x86_64 | 1.2-1 | 33.00 | OK | |||
r-oldrel-windows-x86_64 | 1.2-1 | 3.00 | 73.00 | 76.00 | OK |
Version: 1.2-1
Check: data for non-ASCII characters
Result: NOTE
Note: found 76 marked Latin-1 strings
Flavors: r-devel-linux-x86_64-fedora-clang, r-devel-linux-x86_64-fedora-gcc