Last updated on 2024-06-30 00:59:08 CEST.
Flavor | Version | Tinstall | Tcheck | Ttotal | Status | Flags |
---|---|---|---|---|---|---|
r-devel-linux-x86_64-debian-clang | 0.7.0 | 3.61 | 39.09 | 42.70 | OK | |
r-devel-linux-x86_64-debian-gcc | 0.7.0 | 2.82 | 29.94 | 32.76 | OK | |
r-devel-linux-x86_64-fedora-clang | 0.7.0 | 54.66 | OK | |||
r-devel-linux-x86_64-fedora-gcc | 0.7.0 | 51.51 | OK | |||
r-devel-windows-x86_64 | 0.7.0 | 4.00 | 84.00 | 88.00 | OK | |
r-patched-linux-x86_64 | 0.7.0 | 4.74 | 37.82 | 42.56 | OK | |
r-release-linux-x86_64 | 0.7.0 | 4.04 | 36.83 | 40.87 | OK | |
r-release-macos-arm64 | 0.7.0 | 20.00 | OK | |||
r-release-macos-x86_64 | 0.7.0 | 29.00 | OK | |||
r-release-windows-x86_64 | 0.7.0 | 4.00 | 81.00 | 85.00 | OK | |
r-oldrel-macos-arm64 | 0.7.0 | 21.00 | NOTE | |||
r-oldrel-macos-x86_64 | 0.7.0 | 41.00 | NOTE | |||
r-oldrel-windows-x86_64 | 0.7.0 | 5.00 | 63.00 | 68.00 | OK |
Version: 0.7.0
Check: package dependencies
Result: NOTE
Package suggested but not available for checking: ‘affxparser’
Flavors: r-oldrel-macos-arm64, r-oldrel-macos-x86_64
Version: 0.7.0
Check: Rd cross-references
Result: NOTE
Package unavailable to check Rd xrefs: ‘affxparser’
Flavors: r-oldrel-macos-arm64, r-oldrel-macos-x86_64