Last updated on 2024-06-30 00:59:08 CEST.
Flavor | Version | Tinstall | Tcheck | Ttotal | Status | Flags |
---|---|---|---|---|---|---|
r-devel-linux-x86_64-debian-clang | 1.1-0 | 3.63 | 32.78 | 36.41 | NOTE | |
r-devel-linux-x86_64-debian-gcc | 1.1-0 | 2.61 | 25.51 | 28.12 | NOTE | |
r-devel-linux-x86_64-fedora-clang | 1.1-0 | 46.52 | NOTE | |||
r-devel-linux-x86_64-fedora-gcc | 1.1-0 | 43.90 | NOTE | |||
r-devel-windows-x86_64 | 1.1-0 | 5.00 | 54.00 | 59.00 | NOTE | |
r-patched-linux-x86_64 | 1.1-0 | 2.47 | 32.05 | 34.52 | NOTE | |
r-release-linux-x86_64 | 1.1-0 | 3.47 | 31.49 | 34.96 | NOTE | |
r-release-macos-arm64 | 1.1-0 | 19.00 | NOTE | |||
r-release-macos-x86_64 | 1.1-0 | 28.00 | NOTE | |||
r-release-windows-x86_64 | 1.1-0 | 4.00 | 53.00 | 57.00 | NOTE | |
r-oldrel-macos-arm64 | 1.1-0 | 19.00 | NOTE | |||
r-oldrel-macos-x86_64 | 1.1-0 | 26.00 | NOTE | |||
r-oldrel-windows-x86_64 | 1.1-0 | 5.00 | 55.00 | 60.00 | NOTE |
Version: 1.1-0
Check: LazyData
Result: NOTE
'LazyData' is specified without a 'data' directory
Flavors: r-devel-linux-x86_64-debian-clang, r-devel-linux-x86_64-debian-gcc, r-devel-linux-x86_64-fedora-clang, r-devel-linux-x86_64-fedora-gcc, r-devel-windows-x86_64, r-patched-linux-x86_64, r-release-linux-x86_64, r-release-macos-arm64, r-release-macos-x86_64, r-release-windows-x86_64, r-oldrel-macos-arm64, r-oldrel-macos-x86_64, r-oldrel-windows-x86_64