Last updated on 2024-06-30 00:59:09 CEST.
Flavor | Version | Tinstall | Tcheck | Ttotal | Status | Flags |
---|---|---|---|---|---|---|
r-devel-linux-x86_64-debian-clang | 0.1.2 | 21.51 | 181.98 | 203.49 | NOTE | |
r-devel-linux-x86_64-debian-gcc | 0.1.2 | 15.93 | 144.73 | 160.66 | NOTE | |
r-devel-linux-x86_64-fedora-clang | 0.1.2 | 253.73 | NOTE | |||
r-devel-linux-x86_64-fedora-gcc | 0.1.2 | 257.82 | NOTE | |||
r-devel-windows-x86_64 | 0.1.2 | 19.00 | 137.00 | 156.00 | NOTE | |
r-patched-linux-x86_64 | 0.1.2 | 27.73 | 189.87 | 217.60 | NOTE | |
r-release-linux-x86_64 | 0.1.2 | 13.51 | 187.67 | 201.18 | NOTE | |
r-release-macos-arm64 | 0.1.2 | 65.00 | NOTE | |||
r-release-macos-x86_64 | 0.1.2 | 100.00 | NOTE | |||
r-release-windows-x86_64 | 0.1.2 | 19.00 | 138.00 | 157.00 | NOTE | |
r-oldrel-macos-arm64 | 0.1.2 | 72.00 | OK | |||
r-oldrel-macos-x86_64 | 0.1.2 | 104.00 | OK | |||
r-oldrel-windows-x86_64 | 0.1.2 | 21.00 | 167.00 | 188.00 | OK |
Version: 0.1.2
Check: Rd files
Result: NOTE
checkRd: (-1) convertAlgoPerfToWideFormat.Rd:28: Lost braces
28 | code{NA} means the performance value is not available, possibly because the algorithm run was aborted.
| ^
checkRd: (-1) parseASScenario.Rd:40: Lost braces
40 | code{NA} means the cost is not available, possibly because the feature computation was aborted.
| ^
checkRd: (-1) parseASScenario.Rd:47: Lost braces
47 | code{NA} means the cost is not available, possibly because the feature computation was aborted.
| ^
checkRd: (-1) parseASScenario.Rd:55: Lost braces
55 | code{NA} means the feature is not available, possibly because the feature computation was aborted.
| ^
checkRd: (-1) parseASScenario.Rd:62: Lost braces
62 | code{NA} means the feature is not available, possibly because the feature computation was aborted.
| ^
Flavors: r-devel-linux-x86_64-debian-clang, r-devel-linux-x86_64-debian-gcc, r-devel-linux-x86_64-fedora-clang, r-devel-linux-x86_64-fedora-gcc, r-devel-windows-x86_64, r-patched-linux-x86_64, r-release-linux-x86_64, r-release-macos-arm64, r-release-macos-x86_64, r-release-windows-x86_64