Last updated on 2024-06-30 00:59:09 CEST.
Flavor | Version | Tinstall | Tcheck | Ttotal | Status | Flags |
---|---|---|---|---|---|---|
r-devel-linux-x86_64-debian-clang | 1.0.0 | 350.90 | 140.01 | 490.91 | OK | |
r-devel-linux-x86_64-debian-gcc | 1.0.0 | 190.72 | 118.90 | 309.62 | OK | |
r-devel-linux-x86_64-fedora-clang | 1.0.0 | 726.57 | OK | |||
r-devel-linux-x86_64-fedora-gcc | 1.0.0 | 747.24 | OK | |||
r-devel-windows-x86_64 | 1.0.0 | 254.00 | 138.00 | 392.00 | OK | |
r-patched-linux-x86_64 | 1.0.0 | 224.54 | 149.06 | 373.60 | OK | |
r-release-linux-x86_64 | 1.0.0 | 284.99 | 151.28 | 436.27 | OK | |
r-release-macos-arm64 | 1.0.0 | 129.00 | NOTE | |||
r-release-macos-x86_64 | 1.0.0 | 132.00 | NOTE | |||
r-release-windows-x86_64 | 1.0.0 | 261.00 | 132.00 | 393.00 | OK | |
r-oldrel-macos-arm64 | 1.0.0 | 96.00 | NOTE | |||
r-oldrel-macos-x86_64 | 1.0.0 | 170.00 | NOTE | |||
r-oldrel-windows-x86_64 | 1.0.0 | 274.00 | 168.00 | 442.00 | OK |
Version: 1.0.0
Check: installed package size
Result: NOTE
installed size is 10.8Mb
sub-directories of 1Mb or more:
data 1.1Mb
libs 8.5Mb
Flavors: r-release-macos-arm64, r-release-macos-x86_64, r-oldrel-macos-arm64, r-oldrel-macos-x86_64