Last updated on 2024-06-30 00:59:09 CEST.
Flavor | Version | Tinstall | Tcheck | Ttotal | Status | Flags |
---|---|---|---|---|---|---|
r-devel-linux-x86_64-debian-clang | 4.4.35 | 33.19 | 278.82 | 312.01 | NOTE | |
r-devel-linux-x86_64-debian-gcc | 4.4.35 | 24.82 | 196.90 | 221.72 | NOTE | |
r-devel-linux-x86_64-fedora-clang | 4.4.35 | 408.17 | NOTE | |||
r-devel-linux-x86_64-fedora-gcc | 4.4.35 | 397.57 | NOTE | |||
r-devel-windows-x86_64 | 4.4.35 | 27.00 | 228.00 | 255.00 | NOTE | |
r-patched-linux-x86_64 | 4.4.35 | 33.71 | 264.26 | 297.97 | NOTE | |
r-release-linux-x86_64 | 4.4.35 | 29.12 | 265.52 | 294.64 | NOTE | |
r-release-macos-arm64 | 4.4.35 | 59.00 | NOTE | |||
r-release-macos-x86_64 | 4.4.35 | 98.00 | NOTE | |||
r-release-windows-x86_64 | 4.4.35 | 29.00 | 231.00 | 260.00 | NOTE | |
r-oldrel-macos-arm64 | 4.4.35 | 67.00 | NOTE | |||
r-oldrel-macos-x86_64 | 4.4.35 | 127.00 | NOTE | |||
r-oldrel-windows-x86_64 | 4.4.35 | 32.00 | 289.00 | 321.00 | NOTE |
Version: 4.4.35
Check: package dependencies
Result: NOTE
Package which this enhances but not available for checking: ‘asreml’
Flavors: r-devel-linux-x86_64-debian-clang, r-devel-linux-x86_64-debian-gcc, r-devel-linux-x86_64-fedora-clang, r-devel-linux-x86_64-fedora-gcc, r-devel-windows-x86_64, r-patched-linux-x86_64, r-release-linux-x86_64, r-release-macos-arm64, r-release-macos-x86_64, r-release-windows-x86_64, r-oldrel-macos-arm64, r-oldrel-macos-x86_64, r-oldrel-windows-x86_64