Last updated on 2024-06-30 00:59:09 CEST.
Flavor | Version | Tinstall | Tcheck | Ttotal | Status | Flags |
---|---|---|---|---|---|---|
r-devel-linux-x86_64-debian-clang | 1.3.5 | 10.03 | 265.38 | 275.41 | OK | |
r-devel-linux-x86_64-debian-gcc | 1.3.5 | 8.72 | 196.78 | 205.50 | OK | |
r-devel-linux-x86_64-fedora-clang | 1.3.5 | 342.98 | NOTE | |||
r-devel-linux-x86_64-fedora-gcc | 1.3.5 | 343.59 | OK | |||
r-devel-windows-x86_64 | 1.3.5 | 12.00 | 256.00 | 268.00 | OK | |
r-patched-linux-x86_64 | 1.3.5 | 13.55 | 248.42 | 261.97 | OK | |
r-release-linux-x86_64 | 1.3.5 | 8.08 | 247.46 | 255.54 | OK | |
r-release-macos-arm64 | 1.3.5 | 109.00 | OK | |||
r-release-macos-x86_64 | 1.3.5 | 212.00 | OK | |||
r-release-windows-x86_64 | 1.3.5 | 12.00 | 259.00 | 271.00 | OK | |
r-oldrel-macos-arm64 | 1.3.5 | 117.00 | OK | |||
r-oldrel-macos-x86_64 | 1.3.5 | 264.00 | OK | |||
r-oldrel-windows-x86_64 | 1.3.5 | 13.00 | 294.00 | 307.00 | OK |
Version: 1.3.5
Check: Rd cross-references
Result: NOTE
Undeclared package ‘gtable’ in Rd xrefs
Flavor: r-devel-linux-x86_64-fedora-clang