Last updated on 2024-06-30 00:59:09 CEST.
Flavor | Version | Tinstall | Tcheck | Ttotal | Status | Flags |
---|---|---|---|---|---|---|
r-devel-linux-x86_64-debian-clang | 0.9.1 | 58.56 | 511.12 | 569.68 | OK | |
r-devel-linux-x86_64-debian-gcc | 0.9.1 | 50.75 | 378.77 | 429.52 | OK | |
r-devel-linux-x86_64-fedora-clang | 0.9.1 | 721.81 | OK | |||
r-devel-linux-x86_64-fedora-gcc | 0.9.1 | 739.19 | OK | |||
r-devel-windows-x86_64 | 0.9.1 | 58.00 | 343.00 | 401.00 | OK | |
r-patched-linux-x86_64 | 0.9.1 | 39.42 | 480.05 | 519.47 | OK | |
r-release-linux-x86_64 | 0.9.1 | 42.89 | 491.98 | 534.87 | OK | |
r-release-macos-arm64 | 0.9.1 | 216.00 | OK | |||
r-release-macos-x86_64 | 0.9.1 | 341.00 | OK | |||
r-release-windows-x86_64 | 0.9.1 | 60.00 | 347.00 | 407.00 | OK | |
r-oldrel-macos-arm64 | 0.9.1 | 10.00 | ERROR | |||
r-oldrel-macos-x86_64 | 0.9.1 | 11.00 | ERROR | |||
r-oldrel-windows-x86_64 | 0.9.1 | 75.00 | 472.00 | 547.00 | OK |
Version: 0.9.1
Check: package dependencies
Result: ERROR
Package required but not available: ‘GSVA’
See section ‘The DESCRIPTION file’ in the ‘Writing R Extensions’
manual.
Flavors: r-oldrel-macos-arm64, r-oldrel-macos-x86_64