Last updated on 2024-06-30 00:59:09 CEST.
Flavor | Version | Tinstall | Tcheck | Ttotal | Status | Flags |
---|---|---|---|---|---|---|
r-devel-linux-x86_64-debian-clang | 0.1.4.3 | 9.22 | 155.90 | 165.12 | OK | |
r-devel-linux-x86_64-debian-gcc | 0.1.4.3 | 7.07 | 113.85 | 120.92 | OK | |
r-devel-linux-x86_64-fedora-clang | 0.1.4.3 | 205.87 | NOTE | |||
r-devel-linux-x86_64-fedora-gcc | 0.1.4.3 | 211.63 | OK | |||
r-devel-windows-x86_64 | 0.1.4.3 | 12.00 | 126.00 | 138.00 | OK | |
r-patched-linux-x86_64 | 0.1.4.3 | 9.45 | 151.35 | 160.80 | OK | |
r-release-linux-x86_64 | 0.1.4.3 | 8.95 | 152.03 | 160.98 | OK | |
r-release-macos-arm64 | 0.1.4.3 | 67.00 | OK | |||
r-release-macos-x86_64 | 0.1.4.3 | 95.00 | OK | |||
r-release-windows-x86_64 | 0.1.4.3 | 11.00 | 126.00 | 137.00 | OK | |
r-oldrel-macos-arm64 | 0.1.4.3 | 68.00 | OK | |||
r-oldrel-macos-x86_64 | 0.1.4.3 | 108.00 | OK | |||
r-oldrel-windows-x86_64 | 0.1.4.3 | 15.00 | 153.00 | 168.00 | OK |
Version: 0.1.4.3
Check: Rd cross-references
Result: NOTE
Undeclared packages ‘InvariantCausalPrediction’, ‘CompareCausalNetworks’ in Rd xrefs
Flavor: r-devel-linux-x86_64-fedora-clang