Last updated on 2024-06-16 11:57:51 CEST.
Flavor | Version | Tinstall | Tcheck | Ttotal | Status | Flags |
---|---|---|---|---|---|---|
r-devel-linux-x86_64-debian-clang | 0.2.11 | 8.41 | 543.50 | 551.91 | OK | |
r-devel-linux-x86_64-debian-gcc | 0.2.11 | 7.10 | 227.23 | 234.33 | OK | |
r-devel-linux-x86_64-fedora-clang | 0.2.11 | 599.03 | OK | |||
r-devel-linux-x86_64-fedora-gcc | 0.2.11 | 416.50 | OK | |||
r-devel-windows-x86_64 | 0.2.11 | 14.00 | 429.00 | 443.00 | ERROR | |
r-patched-linux-x86_64 | 0.2.10 | 9.16 | 326.04 | 335.20 | OK | |
r-release-linux-x86_64 | 0.2.10 | 7.25 | 320.10 | 327.35 | OK | |
r-release-macos-arm64 | 0.2.11 | 193.00 | OK | |||
r-release-macos-x86_64 | 0.2.11 | 423.00 | OK | |||
r-release-windows-x86_64 | 0.2.11 | 10.00 | 411.00 | 421.00 | OK | |
r-oldrel-macos-arm64 | 0.2.11 | 210.00 | OK | |||
r-oldrel-macos-x86_64 | 0.2.11 | 348.00 | OK | |||
r-oldrel-windows-x86_64 | 0.2.11 | 16.00 | 446.00 | 462.00 | OK |
Version: 0.2.11
Check: whether package can be installed
Result: ERROR
Installation failed.
Flavor: r-devel-windows-x86_64