Last updated on 2024-06-30 00:59:09 CEST.
Flavor | Version | Tinstall | Tcheck | Ttotal | Status | Flags |
---|---|---|---|---|---|---|
r-devel-linux-x86_64-debian-clang | 0.4.3 | 78.53 | 526.37 | 604.90 | NOTE | |
r-devel-linux-x86_64-debian-gcc | 0.4.3 | 57.41 | 375.91 | 433.32 | NOTE | |
r-devel-linux-x86_64-fedora-clang | 0.4.3 | 796.15 | NOTE | |||
r-devel-linux-x86_64-fedora-gcc | 0.4.3 | 770.72 | NOTE | |||
r-devel-windows-x86_64 | 0.4.3 | 62.00 | 439.00 | 501.00 | NOTE | |
r-patched-linux-x86_64 | 0.4.3 | 74.94 | 479.19 | 554.13 | NOTE | |
r-release-linux-x86_64 | 0.4.3 | 68.11 | 486.28 | 554.39 | NOTE | |
r-release-macos-arm64 | 0.4.3 | 225.00 | NOTE | |||
r-release-macos-x86_64 | 0.4.3 | 407.00 | NOTE | |||
r-release-windows-x86_64 | 0.4.3 | 62.00 | 441.00 | 503.00 | NOTE | |
r-oldrel-macos-arm64 | 0.4.3 | 224.00 | NOTE | |||
r-oldrel-macos-x86_64 | 0.4.3 | 422.00 | NOTE | |||
r-oldrel-windows-x86_64 | 0.4.3 | 83.00 | 600.00 | 683.00 | NOTE |
Version: 0.4.3
Check: C++ specification
Result: NOTE
Specified C++11: please drop specification unless essential
Flavors: r-devel-linux-x86_64-debian-clang, r-devel-linux-x86_64-debian-gcc, r-devel-linux-x86_64-fedora-clang, r-devel-linux-x86_64-fedora-gcc, r-devel-windows-x86_64, r-patched-linux-x86_64, r-release-linux-x86_64, r-release-macos-arm64, r-release-macos-x86_64, r-release-windows-x86_64, r-oldrel-macos-arm64, r-oldrel-macos-x86_64, r-oldrel-windows-x86_64
Version: 0.4.3
Check: Rd files
Result: NOTE
checkRd: (-1) null_dispersion_field_distribution.Rd:34: Lost braces
34 | random values it uses the function code{\link[bamm]{permute_pam}}
| ^
Flavors: r-devel-linux-x86_64-debian-clang, r-devel-linux-x86_64-debian-gcc, r-devel-linux-x86_64-fedora-clang, r-devel-linux-x86_64-fedora-gcc, r-devel-windows-x86_64, r-patched-linux-x86_64, r-release-linux-x86_64, r-release-macos-arm64, r-release-macos-x86_64, r-release-windows-x86_64