Last updated on 2024-06-30 00:59:09 CEST.
Flavor | Version | Tinstall | Tcheck | Ttotal | Status | Flags |
---|---|---|---|---|---|---|
r-devel-linux-x86_64-debian-clang | 0.1.0 | 29.34 | 29.49 | 58.83 | OK | |
r-devel-linux-x86_64-debian-gcc | 0.1.0 | 17.56 | 22.78 | 40.34 | OK | |
r-devel-linux-x86_64-fedora-clang | 0.1.0 | 80.58 | NOTE | |||
r-devel-linux-x86_64-fedora-gcc | 0.1.0 | 76.39 | NOTE | |||
r-devel-windows-x86_64 | 0.1.0 | 21.00 | 61.00 | 82.00 | OK | |
r-patched-linux-x86_64 | 0.1.0 | 21.30 | 28.64 | 49.94 | OK | |
r-release-linux-x86_64 | 0.1.0 | 23.88 | 28.11 | 51.99 | OK | |
r-release-macos-arm64 | 0.1.0 | 21.00 | OK | |||
r-release-macos-x86_64 | 0.1.0 | 30.00 | OK | |||
r-release-windows-x86_64 | 0.1.0 | 21.00 | 61.00 | 82.00 | OK | |
r-oldrel-macos-arm64 | 0.1.0 | 24.00 | OK | |||
r-oldrel-macos-x86_64 | 0.1.0 | 39.00 | OK | |||
r-oldrel-windows-x86_64 | 0.1.0 | 22.00 | 68.00 | 90.00 | OK |
Version: 0.1.0
Check: data for non-ASCII characters
Result: NOTE
Note: found 19 marked UTF-8 strings
Flavors: r-devel-linux-x86_64-fedora-clang, r-devel-linux-x86_64-fedora-gcc
Version: 0.1.0
Check: compiled code
Result: NOTE
File ‘batman/libs/batman.so’:
Found no calls to: ‘R_registerRoutines’, ‘R_useDynamicSymbols’
It is good practice to register native routines and to disable symbol
search.
See ‘Writing portable packages’ in the ‘Writing R Extensions’ manual.
Flavors: r-devel-linux-x86_64-fedora-clang, r-devel-linux-x86_64-fedora-gcc