Last updated on 2024-06-30 00:59:09 CEST.
Flavor | Version | Tinstall | Tcheck | Ttotal | Status | Flags |
---|---|---|---|---|---|---|
r-devel-linux-x86_64-debian-clang | 1.1.3 | 23.94 | 94.74 | 118.68 | NOTE | |
r-devel-linux-x86_64-debian-gcc | 1.1.3 | 13.76 | 71.98 | 85.74 | NOTE | |
r-devel-linux-x86_64-fedora-clang | 1.1.3 | 162.43 | NOTE | |||
r-devel-linux-x86_64-fedora-gcc | 1.1.3 | 168.98 | NOTE | |||
r-devel-windows-x86_64 | 1.1.3 | 22.00 | 115.00 | 137.00 | NOTE | |
r-patched-linux-x86_64 | 1.1.3 | 19.29 | 93.87 | 113.16 | NOTE | |
r-release-linux-x86_64 | 1.1.3 | 20.20 | 91.18 | 111.38 | NOTE | |
r-release-macos-arm64 | 1.1.3 | 50.00 | NOTE | |||
r-release-macos-x86_64 | 1.1.3 | 77.00 | NOTE | |||
r-release-windows-x86_64 | 1.1.3 | 21.00 | 110.00 | 131.00 | NOTE | |
r-oldrel-macos-arm64 | 1.1.3 | 55.00 | OK | |||
r-oldrel-macos-x86_64 | 1.1.3 | 84.00 | OK | |||
r-oldrel-windows-x86_64 | 1.1.3 | 26.00 | 130.00 | 156.00 | OK |
Version: 1.1.3
Check: Rd files
Result: NOTE
checkRd: (-1) plotDistributions.Rd:32: Lost braces
32 | plot{...} functions are generated programmatically so the function calls in
| ^
Flavors: r-devel-linux-x86_64-debian-clang, r-devel-linux-x86_64-debian-gcc, r-devel-linux-x86_64-fedora-clang, r-devel-linux-x86_64-fedora-gcc, r-devel-windows-x86_64, r-patched-linux-x86_64, r-release-linux-x86_64, r-release-macos-arm64, r-release-macos-x86_64, r-release-windows-x86_64