Last updated on 2024-06-30 00:59:09 CEST.
Flavor | Version | Tinstall | Tcheck | Ttotal | Status | Flags |
---|---|---|---|---|---|---|
r-devel-linux-x86_64-debian-clang | 3.7 | 159.17 | 135.04 | 294.21 | OK | |
r-devel-linux-x86_64-debian-gcc | 3.7 | 115.34 | 95.62 | 210.96 | OK | |
r-devel-linux-x86_64-fedora-clang | 3.7 | 490.03 | NOTE | |||
r-devel-linux-x86_64-fedora-gcc | 3.7 | 407.99 | OK | |||
r-devel-windows-x86_64 | 3.7 | 150.00 | 143.00 | 293.00 | OK | |
r-patched-linux-x86_64 | 3.7 | 138.56 | 129.37 | 267.93 | OK | |
r-release-linux-x86_64 | 3.7 | 138.88 | 126.30 | 265.18 | OK | |
r-release-macos-arm64 | 3.7 | 89.00 | NOTE | |||
r-release-macos-x86_64 | 3.7 | 117.00 | NOTE | |||
r-release-windows-x86_64 | 3.7 | 148.00 | 146.00 | 294.00 | OK | |
r-oldrel-macos-arm64 | 3.7 | 99.00 | NOTE | |||
r-oldrel-macos-x86_64 | 3.7 | 139.00 | NOTE | |||
r-oldrel-windows-x86_64 | 3.7 | 167.00 | 171.00 | 338.00 | OK |
Version: 3.7
Check: Rd cross-references
Result: NOTE
Undeclared package ‘mvtnorm’ in Rd xrefs
Flavor: r-devel-linux-x86_64-fedora-clang
Version: 3.7
Check: installed package size
Result: NOTE
installed size is 5.9Mb
sub-directories of 1Mb or more:
libs 4.7Mb
Flavors: r-release-macos-arm64, r-release-macos-x86_64, r-oldrel-macos-arm64, r-oldrel-macos-x86_64