Last updated on 2024-06-08 09:49:06 CEST.
Flavor | Version | Tinstall | Tcheck | Ttotal | Status | Flags |
---|---|---|---|---|---|---|
r-devel-linux-x86_64-debian-clang | 0.1.2 | 127.97 | 216.68 | 344.65 | OK | |
r-devel-linux-x86_64-debian-gcc | 0.1.2 | 82.17 | 136.73 | 218.90 | OK | |
r-devel-linux-x86_64-fedora-clang | 0.1.2 | 442.52 | OK | |||
r-devel-linux-x86_64-fedora-gcc | 0.1.2 | 425.44 | OK | |||
r-devel-windows-x86_64 | 0.1.2 | 86.00 | 232.00 | 318.00 | OK | |
r-patched-linux-x86_64 | 0.1.2 | 97.78 | 189.47 | 287.25 | OK | |
r-release-linux-x86_64 | 0.1.2 | 97.55 | 191.07 | 288.62 | OK | |
r-release-macos-arm64 | 0.1.2 | 111.00 | NOTE | |||
r-release-macos-x86_64 | 0.1.2 | 139.00 | NOTE | |||
r-release-windows-x86_64 | 0.1.2 | 80.00 | 230.00 | 310.00 | OK | |
r-oldrel-macos-arm64 | 0.1.2 | 110.00 | NOTE | |||
r-oldrel-macos-x86_64 | 0.1.2 | 216.00 | NOTE | |||
r-oldrel-windows-x86_64 | 0.1.2 | 104.00 | 275.00 | 379.00 | OK |
Version: 0.1.2
Check: installed package size
Result: NOTE
installed size is 7.1Mb
sub-directories of 1Mb or more:
libs 6.5Mb
Flavors: r-release-macos-arm64, r-release-macos-x86_64, r-oldrel-macos-arm64, r-oldrel-macos-x86_64