Last updated on 2024-06-30 00:59:09 CEST.
Flavor | Version | Tinstall | Tcheck | Ttotal | Status | Flags |
---|---|---|---|---|---|---|
r-devel-linux-x86_64-debian-clang | 3.1-6 | 704.33 | 536.48 | 1240.81 | OK | |
r-devel-linux-x86_64-debian-gcc | 3.1-6 | 449.83 | 334.52 | 784.35 | OK | |
r-devel-linux-x86_64-fedora-clang | 3.1-6 | 1755.96 | NOTE | |||
r-devel-linux-x86_64-fedora-gcc | 3.1-6 | 1694.67 | OK | |||
r-devel-windows-x86_64 | 3.1-6 | 521.00 | 418.00 | 939.00 | NOTE | |
r-patched-linux-x86_64 | 3.1-6 | 568.75 | 389.96 | 958.71 | OK | |
r-release-linux-x86_64 | 3.1-6 | 579.65 | 423.18 | 1002.83 | OK | |
r-release-macos-arm64 | 3.1-6 | 314.00 | NOTE | |||
r-release-macos-x86_64 | 3.1-6 | 340.00 | NOTE | |||
r-release-windows-x86_64 | 3.1-6 | 512.00 | 411.00 | 923.00 | NOTE | |
r-oldrel-macos-arm64 | 3.1-6 | 338.00 | NOTE | |||
r-oldrel-macos-x86_64 | 3.1-6 | 594.00 | NOTE | |||
r-oldrel-windows-x86_64 | 3.1-6 | 636.00 | 503.00 | 1139.00 | NOTE |
Version: 3.1-6
Check: installed package size
Result: NOTE
installed size is 5.9Mb
sub-directories of 1Mb or more:
doc 2.9Mb
libs 1.4Mb
Flavors: r-devel-linux-x86_64-fedora-clang, r-devel-windows-x86_64, r-release-macos-arm64, r-release-macos-x86_64, r-release-windows-x86_64, r-oldrel-macos-arm64, r-oldrel-macos-x86_64, r-oldrel-windows-x86_64