Last updated on 2024-06-30 00:59:09 CEST.
Flavor | Version | Tinstall | Tcheck | Ttotal | Status | Flags |
---|---|---|---|---|---|---|
r-devel-linux-x86_64-debian-clang | 0.3.0 | 156.26 | 32.44 | 188.70 | OK | |
r-devel-linux-x86_64-debian-gcc | 0.3.0 | 116.33 | 23.61 | 139.94 | OK | |
r-devel-linux-x86_64-fedora-clang | 0.3.0 | 304.58 | OK | |||
r-devel-linux-x86_64-fedora-gcc | 0.3.0 | 315.92 | OK | |||
r-devel-windows-x86_64 | 0.3.0 | 132.00 | 66.00 | 198.00 | OK | |
r-patched-linux-x86_64 | 0.3.0 | 140.07 | 29.36 | 169.43 | OK | |
r-release-linux-x86_64 | 0.3.0 | 140.93 | 30.50 | 171.43 | OK | |
r-release-macos-arm64 | 0.3.0 | 55.00 | NOTE | |||
r-release-macos-x86_64 | 0.3.0 | 77.00 | NOTE | |||
r-release-windows-x86_64 | 0.3.0 | 129.00 | 67.00 | 196.00 | OK | |
r-oldrel-macos-arm64 | 0.3.0 | 61.00 | NOTE | |||
r-oldrel-macos-x86_64 | 0.3.0 | 82.00 | NOTE | |||
r-oldrel-windows-x86_64 | 0.3.0 | 157.00 | 77.00 | 234.00 | OK |
Version: 0.3.0
Check: installed package size
Result: NOTE
installed size is 5.4Mb
sub-directories of 1Mb or more:
libs 5.3Mb
Flavors: r-release-macos-arm64, r-release-macos-x86_64, r-oldrel-macos-arm64, r-oldrel-macos-x86_64