Last updated on 2024-06-16 11:57:52 CEST.
Flavor | Version | Tinstall | Tcheck | Ttotal | Status | Flags |
---|---|---|---|---|---|---|
r-devel-linux-x86_64-debian-clang | 0.4.2 | 8.12 | 56.49 | 64.61 | OK | |
r-devel-linux-x86_64-debian-gcc | 0.4.2 | 6.55 | 43.04 | 49.59 | OK | |
r-devel-linux-x86_64-fedora-clang | 0.4.2 | 83.18 | OK | |||
r-devel-linux-x86_64-fedora-gcc | 0.4.2 | 83.55 | OK | |||
r-devel-windows-x86_64 | 0.4.2 | 10.00 | 80.00 | 90.00 | ERROR | |
r-patched-linux-x86_64 | 0.4.1 | 7.77 | 54.18 | 61.95 | OK | |
r-release-linux-x86_64 | 0.4.1 | 8.36 | 53.71 | 62.07 | OK | |
r-release-macos-arm64 | 0.4.2 | 29.00 | OK | |||
r-release-macos-x86_64 | 0.4.2 | 54.00 | OK | |||
r-release-windows-x86_64 | 0.4.2 | 8.00 | 61.00 | 69.00 | OK | |
r-oldrel-macos-arm64 | 0.4.2 | 36.00 | OK | |||
r-oldrel-macos-x86_64 | 0.4.2 | 70.00 | OK | |||
r-oldrel-windows-x86_64 | 0.4.2 | 12.00 | 73.00 | 85.00 | OK |
Version: 0.4.2
Check: whether package can be installed
Result: ERROR
Installation failed.
Flavor: r-devel-windows-x86_64