Last updated on 2024-06-30 00:59:10 CEST.
Flavor | Version | Tinstall | Tcheck | Ttotal | Status | Flags |
---|---|---|---|---|---|---|
r-devel-linux-x86_64-debian-clang | 1.1-2 | 10.09 | 76.06 | 86.15 | OK | |
r-devel-linux-x86_64-debian-gcc | 1.1-2 | 6.77 | 57.11 | 63.88 | OK | |
r-devel-linux-x86_64-fedora-clang | 1.1-2 | 104.30 | OK | |||
r-devel-linux-x86_64-fedora-gcc | 1.1-2 | 100.96 | OK | |||
r-devel-windows-x86_64 | 1.1-2 | 10.00 | 90.00 | 100.00 | OK | |
r-patched-linux-x86_64 | 1.1-2 | 8.38 | 71.19 | 79.57 | OK | |
r-release-linux-x86_64 | 1.1-2 | 8.97 | 71.33 | 80.30 | OK | |
r-release-macos-arm64 | 1.1-2 | 40.00 | OK | |||
r-release-macos-x86_64 | 1.1-2 | 74.00 | OK | |||
r-release-windows-x86_64 | 1.1-2 | 8.00 | 89.00 | 97.00 | OK | |
r-oldrel-macos-arm64 | 1.1-2 | 43.00 | OK | |||
r-oldrel-macos-x86_64 | 1.1-2 | 71.00 | OK | |||
r-oldrel-windows-x86_64 | 1.1-2 | 10.00 | 103.00 | 113.00 | WARN |
Version: 1.1-2
Check: examples
Result: WARN
Found the following significant warnings:
Warning: 'adonis' is deprecated.
Warning: 'adonis' is deprecated.
Warning: 'adonis' is deprecated.
Warning: 'adonis' is deprecated.
Warning: 'adonis' is deprecated.
Deprecated functions may be defunct as soon as of the next release of
R.
See ?Deprecated.
Flavor: r-oldrel-windows-x86_64