Last updated on 2024-06-16 11:57:52 CEST.
Flavor | Version | Tinstall | Tcheck | Ttotal | Status | Flags |
---|---|---|---|---|---|---|
r-devel-linux-x86_64-debian-clang | 0.0.10 | 9.33 | 67.74 | 77.07 | OK | |
r-devel-linux-x86_64-debian-gcc | 0.0.10 | 7.14 | 50.73 | 57.87 | OK | |
r-devel-linux-x86_64-fedora-clang | 0.0.10 | 97.51 | NOTE | |||
r-devel-linux-x86_64-fedora-gcc | 0.0.10 | 89.09 | NOTE | |||
r-devel-windows-x86_64 | 0.0.10 | 9.00 | 72.00 | 81.00 | OK | |
r-patched-linux-x86_64 | 0.0.10 | 12.34 | 64.32 | 76.66 | OK | |
r-release-linux-x86_64 | 0.0.10 | 7.43 | 64.86 | 72.29 | OK | |
r-release-macos-arm64 | 0.0.10 | 37.00 | OK | |||
r-release-macos-x86_64 | 0.0.10 | 95.00 | OK | |||
r-release-windows-x86_64 | 0.0.10 | 9.00 | 73.00 | 82.00 | OK | |
r-oldrel-macos-arm64 | 0.0.10 | 44.00 | OK | |||
r-oldrel-macos-x86_64 | 0.0.10 | 68.00 | OK | |||
r-oldrel-windows-x86_64 | 0.0.10 | 11.00 | 84.00 | 95.00 | OK |
Version: 0.0.10
Check: data for non-ASCII characters
Result: NOTE
Note: found 1904 marked UTF-8 strings
Flavors: r-devel-linux-x86_64-fedora-clang, r-devel-linux-x86_64-fedora-gcc