Last updated on 2024-06-30 00:59:10 CEST.
Flavor | Version | Tinstall | Tcheck | Ttotal | Status | Flags |
---|---|---|---|---|---|---|
r-devel-linux-x86_64-debian-clang | 0.0.1 | 51.37 | 35.99 | 87.36 | OK | |
r-devel-linux-x86_64-debian-gcc | 0.0.1 | 29.66 | 27.80 | 57.46 | OK | |
r-devel-linux-x86_64-fedora-clang | 0.0.1 | 113.16 | NOTE | |||
r-devel-linux-x86_64-fedora-gcc | 0.0.1 | 114.10 | NOTE | |||
r-devel-windows-x86_64 | 0.0.1 | 36.00 | 67.00 | 103.00 | OK | |
r-patched-linux-x86_64 | 0.0.1 | 42.06 | 35.73 | 77.79 | OK | |
r-release-linux-x86_64 | 0.0.1 | 35.87 | 34.47 | 70.34 | OK | |
r-release-macos-arm64 | 0.0.1 | 31.00 | OK | |||
r-release-macos-x86_64 | 0.0.1 | 36.00 | OK | |||
r-release-windows-x86_64 | 0.0.1 | 36.00 | 66.00 | 102.00 | OK | |
r-oldrel-macos-arm64 | 0.0.1 | 35.00 | OK | |||
r-oldrel-macos-x86_64 | 0.0.1 | 50.00 | OK | |||
r-oldrel-windows-x86_64 | 0.0.1 | 44.00 | 75.00 | 119.00 | OK |
Version: 0.0.1
Check: dependencies in R code
Result: NOTE
Namespace in Imports field not imported from: ‘survival’
All declared Imports should be used.
Flavors: r-devel-linux-x86_64-fedora-clang, r-devel-linux-x86_64-fedora-gcc