Last updated on 2024-06-30 00:59:10 CEST.
Flavor | Version | Tinstall | Tcheck | Ttotal | Status | Flags |
---|---|---|---|---|---|---|
r-devel-linux-x86_64-debian-clang | 1.2.1 | 9.68 | 208.90 | 218.58 | NOTE | |
r-devel-linux-x86_64-debian-gcc | 1.2.1 | 8.21 | 155.20 | 163.41 | NOTE | |
r-devel-linux-x86_64-fedora-clang | 1.2.1 | 264.91 | NOTE | |||
r-devel-linux-x86_64-fedora-gcc | 1.2.1 | 284.24 | NOTE | |||
r-devel-windows-x86_64 | 1.2.1 | 12.00 | 133.00 | 145.00 | NOTE | |
r-patched-linux-x86_64 | 1.2.1 | 14.75 | 196.05 | 210.80 | NOTE | |
r-release-linux-x86_64 | 1.2.1 | 9.98 | 198.44 | 208.42 | NOTE | |
r-release-macos-arm64 | 1.2.1 | 82.00 | NOTE | |||
r-release-macos-x86_64 | 1.2.1 | 214.00 | NOTE | |||
r-release-windows-x86_64 | 1.2.1 | 14.00 | 132.00 | 146.00 | NOTE | |
r-oldrel-macos-arm64 | 1.2.1 | 93.00 | ERROR | |||
r-oldrel-macos-x86_64 | 1.2.1 | 165.00 | ERROR | |||
r-oldrel-windows-x86_64 | 1.2.1 | 14.00 | 168.00 | 182.00 | NOTE |
Version: 1.2.1
Check: package dependencies
Result: NOTE
Package which this enhances but not available for checking: ‘asreml’
Flavors: r-devel-linux-x86_64-debian-clang, r-devel-linux-x86_64-debian-gcc, r-devel-linux-x86_64-fedora-clang, r-devel-linux-x86_64-fedora-gcc, r-devel-windows-x86_64, r-patched-linux-x86_64, r-release-linux-x86_64, r-release-macos-arm64, r-release-macos-x86_64, r-release-windows-x86_64, r-oldrel-macos-arm64, r-oldrel-macos-x86_64, r-oldrel-windows-x86_64
Version: 1.2.1
Check: running R code from vignettes
Result: ERROR
Errors in running code in vignettes:
when running code in ‘installing-asreml-r.Rmd’
...
> knitr::opts_chunk$set(collapse = TRUE, comment = "#>",
+ eval = FALSE)
> install.packages("biometryassist")
Installing package into ‘/Volumes/Builds/packages/big-sur-arm64/results/4.3/biometryassist.Rcheck’
(as ‘lib’ is unspecified)
When sourcing ‘installing-asreml-r.R’:
Error: trying to use CRAN without setting a mirror
Execution halted
‘installing-asreml-r.Rmd’ using ‘UTF-8’... failed
Flavor: r-oldrel-macos-arm64
Version: 1.2.1
Check: running R code from vignettes
Result: ERROR
Errors in running code in vignettes:
when running code in ‘installing-asreml-r.Rmd’
...
> knitr::opts_chunk$set(collapse = TRUE, comment = "#>",
+ eval = FALSE)
> install.packages("biometryassist")
Installing package into ‘/Volumes/Builds/packages/big-sur-x86_64/results/4.3/biometryassist.Rcheck’
(as ‘lib’ is unspecified)
When sourcing ‘installing-asreml-r.R’:
Error: trying to use CRAN without setting a mirror
Execution halted
‘installing-asreml-r.Rmd’ using ‘UTF-8’... failed
Flavor: r-oldrel-macos-x86_64