Last updated on 2024-06-30 00:59:10 CEST.
Flavor | Version | Tinstall | Tcheck | Ttotal | Status | Flags |
---|---|---|---|---|---|---|
r-devel-linux-x86_64-debian-clang | 1.0.1 | 7.63 | 80.08 | 87.71 | NOTE | |
r-devel-linux-x86_64-debian-gcc | 1.0.1 | 5.87 | 61.49 | 67.36 | NOTE | |
r-devel-linux-x86_64-fedora-clang | 1.0.1 | 114.52 | NOTE | |||
r-devel-linux-x86_64-fedora-gcc | 1.0.1 | 104.83 | NOTE | |||
r-devel-windows-x86_64 | 1.0.1 | 8.00 | 75.00 | 83.00 | NOTE | |
r-patched-linux-x86_64 | 1.0.1 | 7.44 | 78.86 | 86.30 | NOTE | |
r-release-linux-x86_64 | 1.0.1 | 7.99 | 77.45 | 85.44 | NOTE | |
r-release-macos-arm64 | 1.0.1 | 34.00 | NOTE | |||
r-release-macos-x86_64 | 1.0.1 | 62.00 | NOTE | |||
r-release-windows-x86_64 | 1.0.1 | 7.00 | 75.00 | 82.00 | NOTE | |
r-oldrel-macos-arm64 | 1.0.1 | 35.00 | NOTE | |||
r-oldrel-macos-x86_64 | 1.0.1 | 58.00 | NOTE | |||
r-oldrel-windows-x86_64 | 1.0.1 | 8.00 | 85.00 | 93.00 | NOTE |
Version: 1.0.1
Check: LazyData
Result: NOTE
'LazyData' is specified without a 'data' directory
Flavors: r-devel-linux-x86_64-debian-clang, r-devel-linux-x86_64-debian-gcc, r-devel-linux-x86_64-fedora-clang, r-devel-linux-x86_64-fedora-gcc, r-devel-windows-x86_64, r-patched-linux-x86_64, r-release-linux-x86_64, r-release-macos-arm64, r-release-macos-x86_64, r-release-windows-x86_64, r-oldrel-macos-arm64, r-oldrel-macos-x86_64, r-oldrel-windows-x86_64