Last updated on 2024-06-16 11:57:52 CEST.
Flavor | Version | Tinstall | Tcheck | Ttotal | Status | Flags |
---|---|---|---|---|---|---|
r-devel-linux-x86_64-debian-clang | 1.0.2 | 144.09 | 44.66 | 188.75 | NOTE | |
r-devel-linux-x86_64-debian-gcc | 1.0.2 | 102.91 | 36.31 | 139.22 | NOTE | |
r-devel-linux-x86_64-fedora-clang | 1.0.2 | 295.08 | NOTE | |||
r-devel-linux-x86_64-fedora-gcc | 1.0.2 | 295.51 | NOTE | |||
r-devel-windows-x86_64 | 1.0.2 | 113.00 | 75.00 | 188.00 | NOTE | |
r-patched-linux-x86_64 | 1.0.2 | 117.94 | 47.29 | 165.23 | NOTE | |
r-release-linux-x86_64 | 1.0.2 | 118.99 | 47.49 | 166.48 | NOTE | |
r-release-macos-arm64 | 1.0.2 | 52.00 | NOTE | |||
r-release-macos-x86_64 | 1.0.2 | 59.00 | NOTE | |||
r-release-windows-x86_64 | 1.0.2 | 112.00 | 80.00 | 192.00 | NOTE | |
r-oldrel-macos-arm64 | 1.0.2 | 73.00 | NOTE | |||
r-oldrel-macos-x86_64 | 1.0.2 | 106.00 | NOTE | |||
r-oldrel-windows-x86_64 | 1.0.2 | 134.00 | 91.00 | 225.00 | NOTE |
Version: 1.0.2
Check: C++ specification
Result: NOTE
Specified C++11: please drop specification unless essential
Flavors: r-devel-linux-x86_64-debian-clang, r-devel-linux-x86_64-debian-gcc, r-devel-linux-x86_64-fedora-clang, r-devel-linux-x86_64-fedora-gcc, r-devel-windows-x86_64, r-patched-linux-x86_64, r-release-linux-x86_64, r-release-macos-arm64, r-release-macos-x86_64, r-release-windows-x86_64, r-oldrel-macos-arm64, r-oldrel-macos-x86_64, r-oldrel-windows-x86_64
Version: 1.0.2
Check: installed package size
Result: NOTE
installed size is 7.7Mb
sub-directories of 1Mb or more:
libs 7.5Mb
Flavors: r-release-macos-arm64, r-release-macos-x86_64, r-oldrel-macos-arm64, r-oldrel-macos-x86_64