Last updated on 2024-06-30 00:59:10 CEST.
Flavor | Version | Tinstall | Tcheck | Ttotal | Status | Flags |
---|---|---|---|---|---|---|
r-devel-linux-x86_64-debian-clang | 0.3 | 16.27 | 124.78 | 141.05 | OK | |
r-devel-linux-x86_64-debian-gcc | 0.3 | 11.25 | 91.71 | 102.96 | OK | |
r-devel-linux-x86_64-fedora-clang | 0.3 | 171.83 | NOTE | |||
r-devel-linux-x86_64-fedora-gcc | 0.3 | 164.14 | NOTE | |||
r-devel-windows-x86_64 | 0.3 | 12.00 | 110.00 | 122.00 | OK | |
r-patched-linux-x86_64 | 0.3 | 17.48 | 115.95 | 133.43 | OK | |
r-release-linux-x86_64 | 0.3 | 12.15 | 118.63 | 130.78 | OK | |
r-release-macos-arm64 | 0.3 | 55.00 | OK | |||
r-release-macos-x86_64 | 0.3 | 73.00 | OK | |||
r-release-windows-x86_64 | 0.3 | 14.00 | 105.00 | 119.00 | OK | |
r-oldrel-macos-arm64 | 0.3 | 51.00 | OK | |||
r-oldrel-macos-x86_64 | 0.3 | 87.00 | OK | |||
r-oldrel-windows-x86_64 | 0.3 | 18.00 | 130.00 | 148.00 | OK |
Version: 0.3
Check: dependencies in R code
Result: NOTE
Namespace in Imports field not imported from: ‘MASS’
All declared Imports should be used.
Flavors: r-devel-linux-x86_64-fedora-clang, r-devel-linux-x86_64-fedora-gcc