Last updated on 2024-06-16 11:57:52 CEST.
Flavor | Version | Tinstall | Tcheck | Ttotal | Status | Flags |
---|---|---|---|---|---|---|
r-devel-linux-x86_64-debian-clang | 0.2.0 | 36.76 | 386.71 | 423.47 | OK | |
r-devel-linux-x86_64-debian-gcc | 0.2.0 | 32.98 | 268.21 | 301.19 | OK | |
r-devel-linux-x86_64-fedora-clang | 0.2.0 | 532.72 | OK | |||
r-devel-linux-x86_64-fedora-gcc | 0.2.0 | 479.97 | OK | |||
r-devel-windows-x86_64 | 0.2.0 | 30.00 | 215.00 | 245.00 | OK | |
r-patched-linux-x86_64 | 0.2.0 | 40.76 | 354.20 | 394.96 | OK | |
r-release-linux-x86_64 | 0.2.0 | 36.15 | 352.73 | 388.88 | NOTE | |
r-release-macos-arm64 | 0.2.0 | 118.00 | OK | |||
r-release-macos-x86_64 | 0.2.0 | 233.00 | OK | |||
r-release-windows-x86_64 | 0.2.0 | 30.00 | 214.00 | 244.00 | OK | |
r-oldrel-macos-arm64 | 0.2.0 | 114.00 | OK | |||
r-oldrel-macos-x86_64 | 0.2.0 | 314.00 | OK | |||
r-oldrel-windows-x86_64 | 0.2.0 | 44.00 | 295.00 | 339.00 | OK |
Version: 0.2.0
Check: package dependencies
Result: NOTE
Package suggested but not available for checking: ‘geodata’
Flavor: r-release-linux-x86_64