Last updated on 2024-06-14 08:56:33 CEST.
Flavor | Version | Tinstall | Tcheck | Ttotal | Status | Flags |
---|---|---|---|---|---|---|
r-devel-linux-x86_64-debian-clang | 0.4.8 | 116.71 | 134.10 | 250.81 | OK | |
r-devel-linux-x86_64-debian-gcc | 0.4.8 | 78.92 | 92.94 | 171.86 | OK | |
r-devel-linux-x86_64-fedora-clang | 0.4.8 | 347.68 | OK | |||
r-devel-linux-x86_64-fedora-gcc | 0.4.8 | 367.07 | OK | |||
r-devel-windows-x86_64 | 0.4.8 | 86.00 | 181.00 | 267.00 | OK | |
r-patched-linux-x86_64 | 0.4.8 | 97.74 | 131.02 | 228.76 | OK | |
r-release-linux-x86_64 | 0.4.8 | 97.48 | 132.16 | 229.64 | OK | |
r-release-macos-arm64 | 0.4.8 | 84.00 | NOTE | |||
r-release-macos-x86_64 | 0.4.8 | 110.00 | NOTE | |||
r-release-windows-x86_64 | 0.4.8 | 84.00 | 181.00 | 265.00 | OK | |
r-oldrel-macos-arm64 | 0.4.8 | 89.00 | NOTE | |||
r-oldrel-macos-x86_64 | 0.4.8 | 181.00 | NOTE | |||
r-oldrel-windows-x86_64 | 0.4.8 | 82.00 | 201.00 | 283.00 | OK |
Version: 0.4.8
Check: installed package size
Result: NOTE
installed size is 6.7Mb
sub-directories of 1Mb or more:
libs 5.9Mb
Flavors: r-release-macos-arm64, r-release-macos-x86_64, r-oldrel-macos-arm64, r-oldrel-macos-x86_64