Last updated on 2024-06-30 00:59:10 CEST.
Flavor | Version | Tinstall | Tcheck | Ttotal | Status | Flags |
---|---|---|---|---|---|---|
r-devel-linux-x86_64-debian-clang | 0.3.0 | 2.27 | 43.27 | 45.54 | OK | |
r-devel-linux-x86_64-debian-gcc | 0.3.0 | 2.93 | 32.10 | 35.03 | OK | |
r-devel-linux-x86_64-fedora-clang | 0.3.0 | 57.63 | NOTE | |||
r-devel-linux-x86_64-fedora-gcc | 0.3.0 | 54.67 | NOTE | |||
r-devel-windows-x86_64 | 0.3.0 | 5.00 | 56.00 | 61.00 | OK | |
r-patched-linux-x86_64 | 0.3.0 | 3.04 | 41.62 | 44.66 | OK | |
r-release-linux-x86_64 | 0.3.0 | 2.20 | 41.09 | 43.29 | OK | |
r-release-macos-arm64 | 0.3.0 | 23.00 | OK | |||
r-release-macos-x86_64 | 0.3.0 | 39.00 | OK | |||
r-release-windows-x86_64 | 0.3.0 | 5.00 | 56.00 | 61.00 | OK | |
r-oldrel-macos-arm64 | 0.3.0 | 22.00 | OK | |||
r-oldrel-macos-x86_64 | 0.3.0 | 28.00 | OK | |||
r-oldrel-windows-x86_64 | 0.3.0 | 6.00 | 63.00 | 69.00 | OK |
Version: 0.3.0
Check: dependencies in R code
Result: NOTE
Namespaces in Imports field not imported from:
‘Rgraphviz’ ‘fastDummies’
All declared Imports should be used.
Flavors: r-devel-linux-x86_64-fedora-clang, r-devel-linux-x86_64-fedora-gcc