Last updated on 2024-06-30 00:59:10 CEST.
Flavor | Version | Tinstall | Tcheck | Ttotal | Status | Flags |
---|---|---|---|---|---|---|
r-devel-linux-x86_64-debian-clang | 1.1.5 | 8.80 | 86.02 | 94.82 | OK | |
r-devel-linux-x86_64-debian-gcc | 1.1.5 | 7.35 | 63.77 | 71.12 | OK | |
r-devel-linux-x86_64-fedora-clang | 1.1.5 | 117.01 | NOTE | |||
r-devel-linux-x86_64-fedora-gcc | 1.1.5 | 112.08 | NOTE | |||
r-devel-windows-x86_64 | 1.1.5 | 8.00 | 79.00 | 87.00 | OK | |
r-patched-linux-x86_64 | 1.1.5 | 6.61 | 81.70 | 88.31 | OK | |
r-release-linux-x86_64 | 1.1.5 | 8.90 | 81.92 | 90.82 | OK | |
r-release-macos-arm64 | 1.1.5 | 41.00 | OK | |||
r-release-macos-x86_64 | 1.1.5 | 65.00 | OK | |||
r-release-windows-x86_64 | 1.1.5 | 8.00 | 81.00 | 89.00 | OK | |
r-oldrel-macos-arm64 | 1.1.5 | 45.00 | OK | |||
r-oldrel-macos-x86_64 | 1.1.5 | 73.00 | OK | |||
r-oldrel-windows-x86_64 | 1.1.5 | 11.00 | 97.00 | 108.00 | OK |
Version: 1.1.5
Check: dependencies in R code
Result: NOTE
Namespaces in Imports field not imported from:
‘HSAUR3’ ‘knitr’ ‘rmarkdown’
All declared Imports should be used.
Flavors: r-devel-linux-x86_64-fedora-clang, r-devel-linux-x86_64-fedora-gcc