Last updated on 2024-08-16 09:49:01 CEST.
Flavor | Version | Tinstall | Tcheck | Ttotal | Status | Flags |
---|---|---|---|---|---|---|
r-devel-linux-x86_64-debian-clang | 0.2.9.5 | 8.98 | 148.73 | 157.71 | NOTE | |
r-devel-linux-x86_64-debian-gcc | 0.2.9.5 | 5.47 | 102.40 | 107.87 | NOTE | |
r-devel-linux-x86_64-fedora-clang | 0.2.9.5 | 256.36 | NOTE | |||
r-devel-linux-x86_64-fedora-gcc | 0.2.9.5 | 244.40 | NOTE | |||
r-devel-windows-x86_64 | 0.2.9.5 | 10.00 | 157.00 | 167.00 | NOTE | |
r-patched-linux-x86_64 | 0.2.9.5 | 9.01 | 141.62 | 150.63 | NOTE | |
r-release-linux-x86_64 | 0.2.9.5 | 8.34 | 141.86 | 150.20 | NOTE | |
r-release-macos-arm64 | 0.2.9.5 | 68.00 | NOTE | |||
r-release-macos-x86_64 | 0.2.9.5 | 109.00 | NOTE | |||
r-release-windows-x86_64 | 0.2.9.5 | 10.00 | 157.00 | 167.00 | NOTE | |
r-oldrel-macos-arm64 | 0.2.9.5 | 72.00 | NOTE | |||
r-oldrel-macos-x86_64 | 0.2.9.5 | 160.00 | NOTE | |||
r-oldrel-windows-x86_64 | 0.2.9.5 | 14.00 | 203.00 | 217.00 | NOTE |
Version: 0.2.9.5
Check: package dependencies
Result: NOTE
Package suggested but not available for checking: ‘glmmADMB’
Flavors: r-devel-linux-x86_64-debian-clang, r-devel-linux-x86_64-debian-gcc, r-devel-linux-x86_64-fedora-clang, r-devel-linux-x86_64-fedora-gcc, r-devel-windows-x86_64, r-patched-linux-x86_64, r-release-linux-x86_64, r-release-macos-arm64, r-release-macos-x86_64, r-release-windows-x86_64, r-oldrel-macos-arm64, r-oldrel-macos-x86_64, r-oldrel-windows-x86_64
Version: 0.2.9.5
Check: installed package size
Result: NOTE
installed size is 5.5Mb
sub-directories of 1Mb or more:
extdata 5.0Mb
Flavors: r-devel-linux-x86_64-fedora-clang, r-devel-windows-x86_64, r-release-macos-arm64, r-release-macos-x86_64, r-release-windows-x86_64, r-oldrel-macos-arm64, r-oldrel-macos-x86_64, r-oldrel-windows-x86_64