Last updated on 2024-06-30 00:59:10 CEST.
Flavor | Version | Tinstall | Tcheck | Ttotal | Status | Flags |
---|---|---|---|---|---|---|
r-devel-linux-x86_64-debian-clang | 1.1.3 | 14.70 | 104.52 | 119.22 | OK | |
r-devel-linux-x86_64-debian-gcc | 1.1.3 | 10.97 | 76.19 | 87.16 | OK | |
r-devel-linux-x86_64-fedora-clang | 1.1.3 | 147.38 | NOTE | |||
r-devel-linux-x86_64-fedora-gcc | 1.1.3 | 139.32 | NOTE | |||
r-devel-windows-x86_64 | 1.1.3 | 14.00 | 87.00 | 101.00 | OK | |
r-patched-linux-x86_64 | 1.1.3 | 11.79 | 99.98 | 111.77 | OK | |
r-release-linux-x86_64 | 1.1.3 | 13.35 | 100.51 | 113.86 | OK | |
r-release-macos-arm64 | 1.1.3 | 50.00 | OK | |||
r-release-macos-x86_64 | 1.1.3 | 72.00 | OK | |||
r-release-windows-x86_64 | 1.1.3 | 12.00 | 90.00 | 102.00 | OK | |
r-oldrel-macos-arm64 | 1.1.3 | 44.00 | OK | |||
r-oldrel-macos-x86_64 | 1.1.3 | 72.00 | OK | |||
r-oldrel-windows-x86_64 | 1.1.3 | 15.00 | 108.00 | 123.00 | OK |
Version: 1.1.3
Check: dependencies in R code
Result: NOTE
Namespaces in Imports field not imported from:
‘rworldxtra’ ‘sp’
All declared Imports should be used.
Flavors: r-devel-linux-x86_64-fedora-clang, r-devel-linux-x86_64-fedora-gcc