Last updated on 2024-06-30 00:59:10 CEST.
Flavor | Version | Tinstall | Tcheck | Ttotal | Status | Flags |
---|---|---|---|---|---|---|
r-devel-linux-x86_64-debian-clang | 2.2 | 38.64 | 33.44 | 72.08 | NOTE | |
r-devel-linux-x86_64-debian-gcc | 2.2 | 30.40 | 25.75 | 56.15 | NOTE | |
r-devel-linux-x86_64-fedora-clang | 2.2 | 105.86 | NOTE | |||
r-devel-linux-x86_64-fedora-gcc | 2.2 | 106.27 | NOTE | |||
r-devel-windows-x86_64 | 2.2 | 33.00 | 61.00 | 94.00 | NOTE | |
r-patched-linux-x86_64 | 2.2 | 37.09 | 33.23 | 70.32 | NOTE | |
r-release-linux-x86_64 | 2.2 | 36.91 | 32.60 | 69.51 | NOTE | |
r-release-macos-arm64 | 2.2 | 28.00 | NOTE | |||
r-release-macos-x86_64 | 2.2 | 39.00 | NOTE | |||
r-release-windows-x86_64 | 2.2 | 34.00 | 66.00 | 100.00 | NOTE | |
r-oldrel-macos-arm64 | 2.2 | 29.00 | OK | |||
r-oldrel-macos-x86_64 | 2.2 | 65.00 | OK | |||
r-oldrel-windows-x86_64 | 2.2 | 41.00 | 76.00 | 117.00 | OK |
Version: 2.2
Check: Rd files
Result: NOTE
checkRd: (-1) bsc.Rd:51: Lost braces; missing escapes or markup?
51 | {splines::bs()}, {splines2::bSpline()}
| ^
checkRd: (-1) bsp.Rd:37: Lost braces; missing escapes or markup?
37 | {bsc}, {par2bsp}
| ^
checkRd: (-1) bspline.Rd:23: Lost braces in \itemize; meant \describe ?
checkRd: (-1) bspline.Rd:24: Lost braces in \itemize; meant \describe ?
checkRd: (-1) bspline.Rd:25: Lost braces in \itemize; meant \describe ?
checkRd: (-1) bspline.Rd:26: Lost braces in \itemize; meant \describe ?
checkRd: (-1) bspline.Rd:27: Lost braces in \itemize; meant \describe ?
checkRd: (-1) bspline.Rd:28: Lost braces in \itemize; meant \describe ?
checkRd: (-1) bspline.Rd:29: Lost braces in \itemize; meant \describe ?
checkRd: (-1) bspline.Rd:30: Lost braces in \itemize; meant \describe ?
Flavors: r-devel-linux-x86_64-debian-clang, r-devel-linux-x86_64-debian-gcc, r-devel-linux-x86_64-fedora-clang, r-devel-linux-x86_64-fedora-gcc, r-devel-windows-x86_64, r-patched-linux-x86_64, r-release-linux-x86_64, r-release-macos-arm64, r-release-macos-x86_64, r-release-windows-x86_64