Last updated on 2024-08-16 09:49:01 CEST.
Flavor | Version | Tinstall | Tcheck | Ttotal | Status | Flags |
---|---|---|---|---|---|---|
r-devel-linux-x86_64-debian-clang | 1.0 | 1307.52 | 206.11 | 1513.63 | NOTE | |
r-devel-linux-x86_64-debian-gcc | 1.0 | 1136.22 | 241.77 | 1377.99 | NOTE | |
r-devel-linux-x86_64-fedora-clang | 1.0 | 2212.43 | NOTE | |||
r-devel-linux-x86_64-fedora-gcc | 1.0 | 3441.37 | NOTE | |||
r-devel-windows-x86_64 | 1.0 | 1196.00 | 338.00 | 1534.00 | NOTE | |
r-patched-linux-x86_64 | 1.0 | 1482.38 | 320.63 | 1803.01 | NOTE | |
r-release-linux-x86_64 | 1.0 | 1512.00 | 323.37 | 1835.37 | NOTE | |
r-release-macos-arm64 | 1.0 | 638.00 | NOTE | |||
r-release-macos-x86_64 | 1.0 | 603.00 | NOTE | |||
r-release-windows-x86_64 | 1.0 | 1213.00 | 340.00 | 1553.00 | NOTE | |
r-oldrel-macos-arm64 | 1.0 | 712.00 | NOTE | |||
r-oldrel-macos-x86_64 | 1.0 | 616.00 | NOTE | |||
r-oldrel-windows-x86_64 | 1.0 | 1613.00 | 412.00 | 2025.00 | NOTE |
Version: 1.0
Check: for GNU extensions in Makefiles
Result: NOTE
GNU make is a SystemRequirements.
Flavors: r-devel-linux-x86_64-debian-clang, r-devel-linux-x86_64-debian-gcc, r-devel-linux-x86_64-fedora-clang, r-devel-linux-x86_64-fedora-gcc, r-devel-windows-x86_64, r-patched-linux-x86_64, r-release-linux-x86_64, r-release-macos-arm64, r-release-macos-x86_64, r-release-windows-x86_64, r-oldrel-macos-arm64, r-oldrel-macos-x86_64, r-oldrel-windows-x86_64
Version: 1.0
Check: installed package size
Result: NOTE
installed size is 13.2Mb
sub-directories of 1Mb or more:
libs 12.3Mb
Flavors: r-devel-linux-x86_64-fedora-clang, r-devel-windows-x86_64, r-release-macos-arm64, r-release-macos-x86_64, r-release-windows-x86_64, r-oldrel-macos-arm64, r-oldrel-macos-x86_64, r-oldrel-windows-x86_64
Version: 1.0
Check: dependencies in R code
Result: NOTE
Namespaces in Imports field not imported from:
‘R6’ ‘RcppParallel’ ‘purrr’ ‘rstantools’ ‘scales’ ‘vizdraws’
All declared Imports should be used.
Flavors: r-devel-linux-x86_64-fedora-clang, r-devel-linux-x86_64-fedora-gcc