Last updated on 2024-06-30 00:59:10 CEST.
Flavor | Version | Tinstall | Tcheck | Ttotal | Status | Flags |
---|---|---|---|---|---|---|
r-devel-linux-x86_64-debian-clang | 0.2.2 | 3.90 | 51.65 | 55.55 | NOTE | |
r-devel-linux-x86_64-debian-gcc | 0.2.2 | 3.49 | 37.23 | 40.72 | NOTE | |
r-devel-linux-x86_64-fedora-clang | 0.2.2 | 70.50 | NOTE | |||
r-devel-linux-x86_64-fedora-gcc | 0.2.2 | 78.81 | NOTE | |||
r-devel-windows-x86_64 | 0.2.2 | 5.00 | 59.00 | 64.00 | NOTE | |
r-patched-linux-x86_64 | 0.2.2 | 4.49 | 49.31 | 53.80 | NOTE | |
r-release-linux-x86_64 | 0.2.2 | 2.73 | 48.10 | 50.83 | NOTE | |
r-release-macos-arm64 | 0.2.2 | 31.00 | NOTE | |||
r-release-macos-x86_64 | 0.2.2 | 44.00 | NOTE | |||
r-release-windows-x86_64 | 0.2.2 | 5.00 | 58.00 | 63.00 | NOTE | |
r-oldrel-macos-arm64 | 0.2.2 | 29.00 | NOTE | |||
r-oldrel-macos-x86_64 | 0.2.2 | 42.00 | NOTE | |||
r-oldrel-windows-x86_64 | 0.2.2 | 6.00 | 67.00 | 73.00 | NOTE |
Version: 0.2.2
Check: LazyData
Result: NOTE
'LazyData' is specified without a 'data' directory
Flavors: r-devel-linux-x86_64-debian-clang, r-devel-linux-x86_64-debian-gcc, r-devel-linux-x86_64-fedora-clang, r-devel-linux-x86_64-fedora-gcc, r-devel-windows-x86_64, r-patched-linux-x86_64, r-release-linux-x86_64, r-release-macos-arm64, r-release-macos-x86_64, r-release-windows-x86_64, r-oldrel-macos-arm64, r-oldrel-macos-x86_64, r-oldrel-windows-x86_64