Last updated on 2024-06-30 00:59:10 CEST.
Flavor | Version | Tinstall | Tcheck | Ttotal | Status | Flags |
---|---|---|---|---|---|---|
r-devel-linux-x86_64-debian-clang | 1.1.0 | 4.46 | 31.00 | 35.46 | OK | |
r-devel-linux-x86_64-debian-gcc | 1.1.0 | 3.09 | 23.00 | 26.09 | OK | |
r-devel-linux-x86_64-fedora-clang | 1.1.0 | 43.96 | NOTE | |||
r-devel-linux-x86_64-fedora-gcc | 1.1.0 | 42.30 | NOTE | |||
r-devel-windows-x86_64 | 1.1.0 | 7.00 | 46.00 | 53.00 | NOTE | |
r-patched-linux-x86_64 | 1.1.0 | 3.81 | 29.03 | 32.84 | OK | |
r-release-linux-x86_64 | 1.1.0 | 6.63 | 29.70 | 36.33 | OK | |
r-release-macos-arm64 | 1.1.0 | 17.00 | NOTE | |||
r-release-macos-x86_64 | 1.1.0 | 23.00 | NOTE | |||
r-release-windows-x86_64 | 1.1.0 | 6.00 | 44.00 | 50.00 | NOTE | |
r-oldrel-macos-arm64 | 1.1.0 | 18.00 | NOTE | |||
r-oldrel-macos-x86_64 | 1.1.0 | 37.00 | NOTE | |||
r-oldrel-windows-x86_64 | 1.1.0 | 6.00 | 47.00 | 53.00 | NOTE |
Version: 1.1.0
Check: installed package size
Result: NOTE
installed size is 12.4Mb
sub-directories of 1Mb or more:
www 12.3Mb
Flavors: r-devel-linux-x86_64-fedora-clang, r-devel-windows-x86_64, r-release-macos-arm64, r-release-macos-x86_64, r-release-windows-x86_64, r-oldrel-macos-arm64, r-oldrel-macos-x86_64, r-oldrel-windows-x86_64
Version: 1.1.0
Check: dependencies in R code
Result: NOTE
Namespace in Imports field not imported from: ‘shiny’
All declared Imports should be used.
Flavors: r-devel-linux-x86_64-fedora-clang, r-devel-linux-x86_64-fedora-gcc