Last updated on 2024-06-30 00:59:10 CEST.
Flavor | Version | Tinstall | Tcheck | Ttotal | Status | Flags |
---|---|---|---|---|---|---|
r-devel-linux-x86_64-debian-clang | 0.4.7 | 5.00 | 281.62 | 286.62 | OK | |
r-devel-linux-x86_64-debian-gcc | 0.4.7 | 4.18 | 211.01 | 215.19 | OK | |
r-devel-linux-x86_64-fedora-clang | 0.4.7 | 352.84 | OK | |||
r-devel-linux-x86_64-fedora-gcc | 0.4.7 | 357.96 | OK | |||
r-devel-windows-x86_64 | 0.4.7 | 7.00 | 227.00 | 234.00 | OK | |
r-patched-linux-x86_64 | 0.4.7 | 4.11 | 266.67 | 270.78 | OK | |
r-release-linux-x86_64 | 0.4.7 | 5.18 | 270.95 | 276.13 | OK | |
r-release-macos-arm64 | 0.4.7 | 109.00 | OK | |||
r-release-macos-x86_64 | 0.4.7 | 182.00 | OK | |||
r-release-windows-x86_64 | 0.4.7 | 5.00 | 228.00 | 233.00 | OK | |
r-oldrel-macos-arm64 | 0.4.7 | 116.00 | OK | |||
r-oldrel-macos-x86_64 | 0.4.7 | 346.00 | NOTE | |||
r-oldrel-windows-x86_64 | 0.4.7 | 7.00 | 279.00 | 286.00 | OK |
Version: 0.4.7
Check: installed package size
Result: NOTE
installed size is 5.5Mb
sub-directories of 1Mb or more:
data 3.1Mb
doc 2.1Mb
Flavor: r-oldrel-macos-x86_64