Last updated on 2024-06-30 00:59:10 CEST.
Flavor | Version | Tinstall | Tcheck | Ttotal | Status | Flags |
---|---|---|---|---|---|---|
r-devel-linux-x86_64-debian-clang | 0.2-24 | 9.97 | 39.50 | 49.47 | NOTE | |
r-devel-linux-x86_64-debian-gcc | 0.2-24 | 8.49 | 29.45 | 37.94 | NOTE | |
r-devel-linux-x86_64-fedora-clang | 0.2-24 | 63.50 | NOTE | |||
r-devel-linux-x86_64-fedora-gcc | 0.2-24 | 61.76 | NOTE | |||
r-devel-windows-x86_64 | 0.2-24 | 15.00 | 67.00 | 82.00 | NOTE | |
r-patched-linux-x86_64 | 0.2-24 | 10.38 | 36.78 | 47.16 | OK | |
r-release-linux-x86_64 | 0.2-24 | 8.98 | 38.24 | 47.22 | OK | |
r-release-macos-arm64 | 0.2-24 | 37.00 | OK | |||
r-release-macos-x86_64 | 0.2-24 | 51.00 | OK | |||
r-release-windows-x86_64 | 0.2-24 | 14.00 | 66.00 | 80.00 | OK | |
r-oldrel-macos-arm64 | 0.2-24 | 29.00 | OK | |||
r-oldrel-macos-x86_64 | 0.2-24 | 60.00 | OK | |||
r-oldrel-windows-x86_64 | 0.2-24 | 14.00 | 69.00 | 83.00 | OK |
Version: 0.2-24
Check: compiled code
Result: NOTE
File ‘cba/libs/cba.so’:
Found non-API call to R: ‘Rf_NonNullStringMatch’
Compiled code should not call non-API entry points in R.
See ‘Writing portable packages’ in the ‘Writing R Extensions’ manual.
See section ‘Moving into C API compliance’ in the ‘Writing R
Extensions’ manual for issues with use of non-API entry points.
Flavors: r-devel-linux-x86_64-debian-clang, r-devel-linux-x86_64-debian-gcc, r-devel-linux-x86_64-fedora-clang, r-devel-linux-x86_64-fedora-gcc
Version: 0.2-24
Check: compiled code
Result: NOTE
File 'cba/libs/x64/cba.dll':
Found non-API call to R: 'Rf_NonNullStringMatch'
Compiled code should not call non-API entry points in R.
See 'Writing portable packages' in the 'Writing R Extensions' manual.
See section 'Moving into C API compliance' in the 'Writing R
Extensions' manual for issues with use of non-API entry points.
Flavor: r-devel-windows-x86_64