Last updated on 2024-06-30 00:59:10 CEST.
Flavor | Version | Tinstall | Tcheck | Ttotal | Status | Flags |
---|---|---|---|---|---|---|
r-devel-linux-x86_64-debian-clang | 0.1-638 | 18.95 | 172.88 | 191.83 | NOTE | |
r-devel-linux-x86_64-debian-gcc | 0.1-638 | 13.07 | 126.66 | 139.73 | NOTE | |
r-devel-linux-x86_64-fedora-clang | 0.1-638 | 237.08 | NOTE | |||
r-devel-linux-x86_64-fedora-gcc | 0.1-638 | 247.39 | NOTE | |||
r-devel-windows-x86_64 | 0.1-638 | 16.00 | 231.00 | 247.00 | NOTE | |
r-patched-linux-x86_64 | 0.1-638 | 17.38 | 163.43 | 180.81 | NOTE | |
r-release-linux-x86_64 | 0.1-638 | 16.70 | 163.31 | 180.01 | NOTE | |
r-release-macos-arm64 | 0.1-638 | 75.00 | NOTE | |||
r-release-macos-x86_64 | 0.1-638 | 121.00 | NOTE | |||
r-release-windows-x86_64 | 0.1-638 | 16.00 | 228.00 | 244.00 | NOTE | |
r-oldrel-macos-arm64 | 0.1-638 | 80.00 | OK | |||
r-oldrel-macos-x86_64 | 0.1-638 | 141.00 | OK | |||
r-oldrel-windows-x86_64 | 0.1-638 | 15.00 | 236.00 | 251.00 | OK |
Version: 0.1-638
Check: Rd files
Result: NOTE
checkRd: (-1) LoadCollection.Rd:7: Lost braces
7 | for loading and saving code{CommunityCollection} objects to text files.
| ^
checkRd: (-1) ShortestPaths.Rd:25: Lost braces
25 | \references{Williams, R.J. and Berlow, E.L. and Dunne, J.A. and Barab{\'a}si,
| ^
checkRd: (-1) YthanEstuary.Rd:19: Lost braces
19 | Read G., St\"{o}hr S., Walter T.C., Costello M.J. Editors. (2012) World
| ^
Flavors: r-devel-linux-x86_64-debian-clang, r-devel-linux-x86_64-debian-gcc, r-devel-linux-x86_64-fedora-clang, r-devel-linux-x86_64-fedora-gcc, r-devel-windows-x86_64, r-patched-linux-x86_64, r-release-linux-x86_64, r-release-macos-arm64, r-release-macos-x86_64, r-release-windows-x86_64