Last updated on 2024-06-16 11:57:53 CEST.
Flavor | Version | Tinstall | Tcheck | Ttotal | Status | Flags |
---|---|---|---|---|---|---|
r-devel-linux-x86_64-debian-clang | 0.75 | 50.21 | 315.27 | 365.48 | OK | |
r-devel-linux-x86_64-debian-gcc | 0.75 | 33.02 | 225.74 | 258.76 | OK | |
r-devel-linux-x86_64-fedora-clang | 0.75 | 448.97 | NOTE | |||
r-devel-linux-x86_64-fedora-gcc | 0.75 | 440.44 | OK | |||
r-devel-windows-x86_64 | 0.75 | 39.00 | 282.00 | 321.00 | OK | |
r-patched-linux-x86_64 | 0.75 | 49.51 | 294.09 | 343.60 | OK | |
r-release-linux-x86_64 | 0.75 | 38.09 | 299.61 | 337.70 | OK | |
r-release-macos-arm64 | 0.75 | 121.00 | OK | |||
r-release-macos-x86_64 | 0.75 | 185.00 | OK | |||
r-release-windows-x86_64 | 0.75 | 42.00 | 278.00 | 320.00 | OK | |
r-oldrel-macos-arm64 | 0.75 | 123.00 | OK | |||
r-oldrel-macos-x86_64 | 0.75 | 315.00 | OK | |||
r-oldrel-windows-x86_64 | 0.75 | 54.00 | 354.00 | 408.00 | OK |
Version: 0.75
Check: package dependencies
Result: NOTE
Imports includes 29 non-default packages.
Importing from so many packages makes the package vulnerable to any of
them becoming unavailable. Move as many as possible to Suggests and
use conditionally.
Flavor: r-devel-linux-x86_64-fedora-clang