Last updated on 2024-06-30 00:59:11 CEST.
Flavor | Version | Tinstall | Tcheck | Ttotal | Status | Flags |
---|---|---|---|---|---|---|
r-devel-linux-x86_64-debian-clang | 0.4.2 | 3.06 | 34.85 | 37.91 | NOTE | |
r-devel-linux-x86_64-debian-gcc | 0.4.2 | 1.88 | 27.26 | 29.14 | NOTE | |
r-devel-linux-x86_64-fedora-clang | 0.4.2 | 49.53 | NOTE | |||
r-devel-linux-x86_64-fedora-gcc | 0.4.2 | 62.37 | NOTE | |||
r-devel-windows-x86_64 | 0.4.2 | 3.00 | 54.00 | 57.00 | NOTE | |
r-patched-linux-x86_64 | 0.4.2 | 2.48 | 34.10 | 36.58 | NOTE | |
r-release-linux-x86_64 | 0.4.2 | 2.72 | 34.44 | 37.16 | NOTE | |
r-release-macos-arm64 | 0.4.2 | 33.00 | NOTE | |||
r-release-macos-x86_64 | 0.4.2 | 58.00 | NOTE | |||
r-release-windows-x86_64 | 0.4.2 | 5.00 | 53.00 | 58.00 | NOTE | |
r-oldrel-macos-arm64 | 0.4.2 | 23.00 | NOTE | |||
r-oldrel-macos-x86_64 | 0.4.2 | 36.00 | NOTE | |||
r-oldrel-windows-x86_64 | 0.4.2 | 3.00 | 54.00 | 57.00 | NOTE |
Version: 0.4.2
Check: Rd files
Result: NOTE
checkRd: (-1) get_langs.Rd:13: Lost braces
13 | character vector listing all the languages that tag API call supports. See \code{\link{tag_images}} and code{\link{tag_image_urls}}
| ^
Flavors: r-devel-linux-x86_64-debian-clang, r-devel-linux-x86_64-debian-gcc, r-devel-linux-x86_64-fedora-clang, r-devel-linux-x86_64-fedora-gcc, r-devel-windows-x86_64, r-patched-linux-x86_64, r-release-linux-x86_64, r-release-macos-arm64, r-release-macos-x86_64, r-release-windows-x86_64
Version: 0.4.2
Check: LazyData
Result: NOTE
'LazyData' is specified without a 'data' directory
Flavors: r-devel-linux-x86_64-debian-clang, r-devel-linux-x86_64-debian-gcc, r-devel-linux-x86_64-fedora-clang, r-devel-linux-x86_64-fedora-gcc, r-devel-windows-x86_64, r-patched-linux-x86_64, r-release-linux-x86_64, r-release-macos-arm64, r-release-macos-x86_64, r-release-windows-x86_64, r-oldrel-macos-arm64, r-oldrel-macos-x86_64, r-oldrel-windows-x86_64